{"id":12058,"date":"2022-06-22T21:57:13","date_gmt":"2022-06-23T01:57:13","guid":{"rendered":"https:\/\/seq.ca\/?page_id=12058"},"modified":"2022-10-07T11:37:00","modified_gmt":"2022-10-07T15:37:00","slug":"concours-photo-2022","status":"publish","type":"page","link":"https:\/\/seq.ca\/en\/reunion-annuelles\/reunion-annuelle-2022\/concours-photo-2022\/","title":{"rendered":"Concours photo des arthropodes terrestres de la SEQ &#8211; 2022"},"content":{"rendered":"<h1 class=\"has-text-align-center has-text-color has-x-large-font-size wp-block-heading\" style=\"color:#004f7c\">SEQ R\u00e9union annuelle 2022<\/h1>\n\n\n\n<h2 class=\"has-text-align-center has-black-color has-text-color has-large-font-size wp-block-heading\">Concours photo<\/h2>\n\n\n\n<p><strong>Entomologistes, \u00e0 vos cam\u00e9ras!<\/strong><\/p>\n\n\n\n<p>Le traditionnel concours photo de la SEQ se tiendra encore une fois \u00e0 l\u2019occasion du congr\u00e8s annuel (en pr\u00e9sentiel !!!) les 27 et 28 octobre 2022 prochains. Pour l\u2019occasion, vous \u00eates invit\u00e9s \u00e0 prendre des clich\u00e9s de vos plus belles observations d\u2019arthropodes (insectes, acariens, opilions, araign\u00e9es, millip\u00e8des, centip\u00e8des, etc.).<\/p>\n\n\n\n<p>Tout comme pour les derni\u00e8res ann\u00e9es, vous pouvez soumettre vos photos dans l\u2019une des trois cat\u00e9gories suivantes&nbsp;:<\/p>\n\n\n\n<p><strong>Cat\u00e9gorie 1&nbsp;:<\/strong> Photo haute r\u00e9solution (minimum 1500 x 1800 pixels); la photo doit \u00eatre soumise avec un titre (obligatoire) et peut \u00eatre accompagn\u00e9e d\u2019une courte mise en contexte (optionnelle, 2-3 phrases). Un maximum de deux photos par participant est accept\u00e9 ;<\/p>\n\n\n\n<p><strong>Cat\u00e9gorie 2&nbsp;:<\/strong> T\u00e9l\u00e9phone cellulaire; la photo doit \u00eatre soumise avec un titre (obligatoire) et peut \u00eatre accompagn\u00e9e d\u2019une courte mise en contexte (optionnelle, 2-3 phrases). Un maximum d\u2019une photo par participant est accept\u00e9 ;<\/p>\n\n\n\n<p><strong>Cat\u00e9gorie 3&nbsp;:<\/strong> Entomologistes en action; la photo doit \u00eatre soumise avec un titre (obligatoire) et une courte mise en contexte (obligatoire, 2-3 phrases). Un maximum d\u2019une photo par participant est accept\u00e9.<\/p>\n\n\n\n<p>Les photos seront affich\u00e9es lors du congr\u00e8s 2022 de la SEQ et les vainqueurs seront \u00e9lus par un vote populaire lors de l\u2019\u00e9v\u00e8nement. Assurez-vous d\u2019avoir obtenu le consentement de toute personne photographi\u00e9e au pr\u00e9alable et sachez que votre photo pourrait \u00eatre utilis\u00e9e sur le site web, la page Facebook, le compte Twitter et dans la revue <em>Antennae<\/em>.<\/p>\n\n\n\n<p>Pour soumettre une photo, veuillez l\u2019envoyer par courriel \u00e0 l\u2019adresse<span style=\"text-decoration: underline;\"> <a href=\"mailto:labarre.didier@courrier.uqam.ca\">labarre.didier@courrier.uqam.ca<\/a><\/span> <strong>avant le<s> 1<sup>er<\/sup> octobre<\/s><mark style=\"background-color:rgba(0, 0, 0, 0)\" class=\"has-inline-color has-vivid-red-color\"> <\/mark><mark style=\"background-color:rgba(0, 0, 0, 0)\" class=\"has-inline-color has-luminous-vivid-orange-color\">14 octobre 2022<\/mark><\/strong>.<\/p>\n\n\n\n<p>Bonne chance \u00e0 tous!<\/p>\n\n\n\n<p>Photos gagnantes 2021<\/p>\n\n\n\n<figure class=\"wp-block-image size-large\"><img loading=\"lazy\" decoding=\"async\" width=\"1024\" height=\"504\" src=\"https:\/\/seq.ca\/wp-content\/uploads\/2022\/08\/Photos_gagnantes_2021-1024x504.jpg\" alt=\"\" class=\"wp-image-12126\" srcset=\"https:\/\/seq.ca\/wp-content\/uploads\/2022\/08\/Photos_gagnantes_2021-1024x504.jpg 1024w, https:\/\/seq.ca\/wp-content\/uploads\/2022\/08\/Photos_gagnantes_2021-300x148.jpg 300w, https:\/\/seq.ca\/wp-content\/uploads\/2022\/08\/Photos_gagnantes_2021-768x378.jpg 768w, https:\/\/seq.ca\/wp-content\/uploads\/2022\/08\/Photos_gagnantes_2021-122x60.jpg 122w, https:\/\/seq.ca\/wp-content\/uploads\/2022\/08\/Photos_gagnantes_2021-600x295.jpg 600w, https:\/\/seq.ca\/wp-content\/uploads\/2022\/08\/Photos_gagnantes_2021.jpg 1502w\" sizes=\"auto, (max-width: 1024px) 100vw, 1024px\" \/><\/figure>","protected":false},"excerpt":{"rendered":"<p>SEQ R\u00e9union annuelle 2022 Concours photo Entomologistes, \u00e0 vos cam\u00e9ras! Le traditionnel concours photo de la SEQ se tiendra encore une fois \u00e0 l\u2019occasion du congr\u00e8s annuel (en pr\u00e9sentiel !!!) les 27 et 28 octobre 2022 prochains. Pour l\u2019occasion, vous \u00eates invit\u00e9s \u00e0 prendre des clich\u00e9s de vos plus belles observations d\u2019arthropodes (insectes, acariens, opilions, [&hellip;]<\/p>","protected":false},"author":1,"featured_media":0,"parent":12038,"menu_order":4,"comment_status":"closed","ping_status":"closed","template":"","meta":{"pmpro_default_level":"","_uag_custom_page_level_css":"","footnotes":""},"class_list":["post-12058","page","type-page","status-publish","hentry","pmpro-has-access"],"uagb_featured_image_src":{"full":false,"thumbnail":false,"medium":false,"medium_large":false,"large":false,"1536x1536":false,"2048x2048":false,"trp-custom-language-flag":false,"featured-image-medium":false,"featured-img-medium":false},"uagb_author_info":{"display_name":"Soci\u00e9t\u00e9 d'entomologie du Qu\u00e9bec","author_link":"https:\/\/seq.ca\/en\/author\/webmestreseq\/"},"uagb_comment_info":0,"uagb_excerpt":"SEQ R\u00e9union annuelle 2022 Concours photo Entomologistes, \u00e0 vos cam\u00e9ras! Le traditionnel concours photo de la SEQ se tiendra encore une fois \u00e0 l\u2019occasion du congr\u00e8s annuel (en pr\u00e9sentiel !!!) les 27 et 28 octobre 2022 prochains. Pour l\u2019occasion, vous \u00eates invit\u00e9s \u00e0 prendre des clich\u00e9s de vos plus belles observations d\u2019arthropodes (insectes, acariens, opilions,&hellip;","_links":{"self":[{"href":"https:\/\/seq.ca\/en\/wp-json\/wp\/v2\/pages\/12058","targetHints":{"allow":["GET"]}}],"collection":[{"href":"https:\/\/seq.ca\/en\/wp-json\/wp\/v2\/pages"}],"about":[{"href":"https:\/\/seq.ca\/en\/wp-json\/wp\/v2\/types\/page"}],"author":[{"embeddable":true,"href":"https:\/\/seq.ca\/en\/wp-json\/wp\/v2\/users\/1"}],"replies":[{"embeddable":true,"href":"https:\/\/seq.ca\/en\/wp-json\/wp\/v2\/comments?post=12058"}],"version-history":[{"count":0,"href":"https:\/\/seq.ca\/en\/wp-json\/wp\/v2\/pages\/12058\/revisions"}],"up":[{"embeddable":true,"href":"https:\/\/seq.ca\/en\/wp-json\/wp\/v2\/pages\/12038"}],"wp:attachment":[{"href":"https:\/\/seq.ca\/en\/wp-json\/wp\/v2\/media?parent=12058"}],"curies":[{"name":"wp","href":"https:\/\/api.w.org\/{rel}","templated":true}]}}

<h1 class="has-text-align-center has-text-color has-x-large-font-size wp-block-heading" style="color:#004f7c">SEQ Réunion annuelle 2022</h1>



<h2 class="has-text-align-center has-black-color has-text-color has-large-font-size wp-block-heading">Concours photo</h2>



<p><strong>Entomologistes, à vos caméras!</strong></p>



<p>Le traditionnel concours photo de la SEQ se tiendra encore une fois à l’occasion du congrès annuel (en présentiel !!!) les 27 et 28 octobre 2022 prochains. Pour l’occasion, vous êtes invités à prendre des clichés de vos plus belles observations d’arthropodes (insectes, acariens, opilions, araignées, millipèdes, centipèdes, etc.).</p>



<p>Tout comme pour les dernières années, vous pouvez soumettre vos photos dans l’une des trois catégories suivantes&nbsp;:</p>



<p><strong>Catégorie 1&nbsp;:</strong> Photo haute résolution (minimum 1500 x 1800 pixels); la photo doit être soumise avec un titre (obligatoire) et peut être accompagnée d’une courte mise en contexte (optionnelle, 2-3 phrases). Un maximum de deux photos par participant est accepté ;</p>



<p><strong>Catégorie 2&nbsp;:</strong> Téléphone cellulaire; la photo doit être soumise avec un titre (obligatoire) et peut être accompagnée d’une courte mise en contexte (optionnelle, 2-3 phrases). Un maximum d’une photo par participant est accepté ;</p>



<p><strong>Catégorie 3&nbsp;:</strong> Entomologistes en action; la photo doit être soumise avec un titre (obligatoire) et une courte mise en contexte (obligatoire, 2-3 phrases). Un maximum d’une photo par participant est accepté.</p>



<p>Les photos seront affichées lors du congrès 2022 de la SEQ et les vainqueurs seront élus par un vote populaire lors de l’évènement. Assurez-vous d’avoir obtenu le consentement de toute personne photographiée au préalable et sachez que votre photo pourrait être utilisée sur le site web, la page Facebook, le compte Twitter et dans la revue <em>Antennae</em>.</p>



<p>Pour soumettre une photo, veuillez l’envoyer par courriel à l’adresse<span style="text-decoration: underline;"> <a href="mailto:labarre.didier@courrier.uqam.ca">labarre.didier@courrier.uqam.ca</a></span> <strong>avant le<s> 1<sup>er</sup> octobre</s><mark style="background-color:rgba(0, 0, 0, 0)" class="has-inline-color has-vivid-red-color"> </mark><mark style="background-color:rgba(0, 0, 0, 0)" class="has-inline-color has-luminous-vivid-orange-color">14 octobre 2022</mark></strong>.</p>



<p>Bonne chance à tous!</p>



<p>Photos gagnantes 2021</p>



<figure class="wp-block-image size-large"><img loading="lazy" decoding="async" width="1024" height="504" src="https://seq.ca/wp-content/uploads/2022/08/Photos_gagnantes_2021-1024x504.jpg" alt="" class="wp-image-12126" srcset="https://seq.ca/wp-content/uploads/2022/08/Photos_gagnantes_2021-1024x504.jpg 1024w, https://seq.ca/wp-content/uploads/2022/08/Photos_gagnantes_2021-300x148.jpg 300w, https://seq.ca/wp-content/uploads/2022/08/Photos_gagnantes_2021-768x378.jpg 768w, https://seq.ca/wp-content/uploads/2022/08/Photos_gagnantes_2021-122x60.jpg 122w, https://seq.ca/wp-content/uploads/2022/08/Photos_gagnantes_2021-600x295.jpg 600w, https://seq.ca/wp-content/uploads/2022/08/Photos_gagnantes_2021.jpg 1502w" sizes="auto, (max-width: 1024px) 100vw, 1024px" /></figure>

<p>SEQ Réunion annuelle 2022 Concours photo Entomologistes, à vos caméras! Le traditionnel concours photo de la SEQ se tiendra encore une fois à l’occasion du congrès annuel (en présentiel !!!) les 27 et 28 octobre 2022 prochains. Pour l’occasion, vous êtes invités à prendre des clichés de vos plus belles observations d’arthropodes (insectes, acariens, opilions, [&hellip;]</p>

Société d'entomologie du Québec

SEQ Réunion annuelle 2022 Concours photo Entomologistes, à vos caméras! Le traditionnel concours photo de la SEQ se tiendra encore une fois à l’occasion du congrès annuel (en présentiel !!!) les 27 et 28 octobre 2022 prochains. Pour l’occasion, vous êtes invités à prendre des clichés de vos plus belles observations d’arthropodes (insectes, acariens, opilions,&hellip;
