{"id":13613,"date":"2024-02-21T13:27:42","date_gmt":"2024-02-21T18:27:42","guid":{"rendered":"https:\/\/seq.ca\/?page_id=13613"},"modified":"2026-01-13T11:32:43","modified_gmt":"2026-01-13T16:32:43","slug":"bourse-stephane-le-tirant","status":"publish","type":"page","link":"https:\/\/seq.ca\/en\/bourse-stephane-le-tirant\/","title":{"rendered":"St\u00e9phane Le Tirant Scholarship"},"content":{"rendered":"<div class=\"wp-block-columns is-not-stacked-on-mobile is-layout-flex wp-container-core-columns-is-layout-9d6595d7 wp-block-columns-is-layout-flex\">\n<div class=\"wp-block-column is-layout-flow wp-block-column-is-layout-flow\">\n<div class=\"wp-block-group is-nowrap is-layout-flex wp-container-core-group-is-layout-ad2f72ca wp-block-group-is-layout-flex\">\n<p>Select the display language:<\/p>\n\n\n<div class=\"trp-block-container\"><div class=\"trp-shortcode-switcher__wrapper\"\r\n     style=\"--bg:#ffffff;--bg-hover:#0000000d;--text:#143852;--text-hover:#1d2327;--border:1px solid #1438521a;--border-width:1px;--border-color:#1438521a;--border-radius:5px;--flag-radius:2px;--flag-size:18px;--aspect-ratio:4\/3;--font-size:14px;--transition-duration:0.2s\"\r\n     role=\"group\"\r\n     data-open-mode=\"hover\">\r\n\r\n    \r\n        <!-- ANCHOR (in-flow only; sizing\/borders; inert) -->\r\n        <div class=\"trp-language-switcher trp-ls-dropdown trp-shortcode-switcher trp-shortcode-anchor trp-open-on-hover\"\r\n             aria-hidden=\"true\"\r\n             inert\r\n data-no-translation>\r\n                <div class=\"trp-current-language-item__wrapper\">\r\n        <a class=\"trp-language-item trp-language-item__default trp-language-item__current\" data-no-translation href=\"https:\/\/seq.ca\/en\/wp-json\/wp\/v2\/pages\/13613\" title=\"EN\"><span class=\"trp-language-item-name\">EN<\/span><\/a>                    <svg class=\"trp-shortcode-arrow\" width=\"20\" height=\"20\" viewbox=\"0 0 20 21\" fill=\"none\" aria-hidden=\"true\" focusable=\"false\" xmlns=\"http:\/\/www.w3.org\/2000\/svg\">\r\n                <path d=\"M5 8L10 13L15 8\" stroke=\"var(--text)\" stroke-width=\"2\" stroke-linecap=\"round\" stroke-linejoin=\"round\"\/>\r\n            <\/svg>\r\n            <\/div>\r\n            <\/div>\r\n\r\n        <!-- OVERLAY (positioned; interactive surface) -->\r\n        <div class=\"trp-language-switcher trp-ls-dropdown trp-shortcode-switcher trp-shortcode-overlay trp-open-on-hover\"\r\n             role=\"navigation\"\r\n             aria-label=\"Website language selector\"\r\n             data-no-translation\r\n>\r\n                <div class=\"trp-current-language-item__wrapper\">\r\n        <div class=\"trp-language-item trp-language-item__default trp-language-item__current\" data-no-translation role=\"button\" aria-expanded=\"false\" tabindex=\"0\" aria-label=\"Change language\" aria-controls=\"trp-shortcode-dropdown-69f2f39cdfd1f\"><span class=\"trp-language-item-name\">EN<\/span><\/div>                    <svg class=\"trp-shortcode-arrow\" width=\"20\" height=\"20\" viewbox=\"0 0 20 21\" fill=\"none\" aria-hidden=\"true\" focusable=\"false\" xmlns=\"http:\/\/www.w3.org\/2000\/svg\">\r\n                <path d=\"M5 8L10 13L15 8\" stroke=\"var(--text)\" stroke-width=\"2\" stroke-linecap=\"round\" stroke-linejoin=\"round\"\/>\r\n            <\/svg>\r\n            <\/div>\r\n    \r\n            <div class=\"trp-switcher-dropdown-list\"\r\n                 id=\"trp-shortcode-dropdown-69f2f39cdfd1f\"\r\n                 role=\"group\"\r\n                 aria-label=\"Available languages\"\r\n                 hidden\r\n inert\r\n>\r\n                                                            <a class=\"trp-language-item\" href=\"https:\/\/seq.ca\/en\/wp-json\/wp\/v2\/pages\/13613\" title=\"FR\">\r\n                                                                                        <span class=\"trp-language-item-name\" data-no-translation>FR<\/span>\r\n                                                                                <\/a>\r\n                                                <\/div>\r\n        <\/div>\r\n\r\n    <\/div>\r\n<\/div><\/div>\n<\/div>\n<\/div>\n\n\n<div class=\"wp-block-image\">\n<figure class=\"aligncenter size-large\"><img decoding=\"async\" src=\"https:\/\/seq.ca\/wp-content\/uploads\/2024\/02\/stephane_le_tirant_2019.jpg\" alt=\"\"\/><\/figure>\n<\/div>\n\n\n<p>The St\u00e9phane Le Triant Scholarship honours Mr. St\u00e9phane Le Tirant, contemporary pioneer of entomology in Qu\u00e9bec. St\u00e9phane Le Tirant has worked at the Montr\u00e9al Insectarium since 1988, taking responsability for the live insect collection and becoming an assistant entomologist and collections curator. He has participated in most of the Insectarium\u2019s exhibits and developed and co-created many of them. St\u00e9phane is also an international expert of several groups of insects and continues taxonomic work with the Phyllidae, the Dynastinae (Coleoptera: Scarabaeidae), the Phasmidae, the lepidoptera and in paleoentomology.&nbsp;<\/p>\n\n\n\n<p>A 5000$ scholarship will be awarded to a student registered in a master\u2019s or doctoral program at a Quebec university and whose study and research project is directly associated with entomology. The 5000$ scholarship will aim to encourage students to pursue higher studies in the field of entomology but more specifically to stimulate and encourage students to pursue higher studies in the fields of taxonomy, systematics, biogeography, phylogenetics and biodiversity.&nbsp;<\/p>\n\n\n\n<ul class=\"wp-block-list\">\n<li>The deadline for application is <strong>May 2nd, 2025 <\/strong>.&nbsp;<\/li>\n\n\n\n<li>Award winners will be announced at the end of July.&nbsp;<\/li>\n\n\n\n<li>Awardees will be required to commit to presenting their research at SEQ annual conference, as an oral presentation (highly recommended) or poster.&nbsp;<\/li>\n<\/ul>\n\n\n\n<p><strong>NOTE: Award winners may apply for a second scholarship (maximum of two scholarships per graduate cycle). These applications will then be evaluated on the same basis as those of other applicants.<sup>e<\/sup>ou 3<sup>e<\/sup>cycle). Ces candidatures seront alors \u00e9valu\u00e9es au m\u00eame titre que celles des autres candidatures re\u00e7ues.<\/strong>&nbsp;<\/p>\n\n\n\n<p><strong>Eligibility criteria<\/strong>&nbsp;<\/p>\n\n\n\n<p>The applicant must:&nbsp;<\/p>\n\n\n\n<ul class=\"wp-block-list\">\n<li>Be a Canadian citizen or be authorized to work in Canada and have a social insurance number ;&nbsp;<\/li>\n\n\n\n<li>Be a member or become a member of the Soci\u00e9t\u00e9 d\u2019entomologie du Qu\u00e9bec (SEQ) (Become a member of the <a href=\"https:\/\/seq.ca\/en\/compte-dadherent\/devenir-membre\/\" target=\"_blank\" rel=\"noreferrer noopener\"><strong>SEQ<\/strong><\/a> by clicking on the link);&nbsp;<\/li>\n\n\n\n<li>Pursue, in the academic year following the application, for at least one semester, full-time graduate studies at a Qu\u00e9bec university;<sup>e<\/sup> ou 3<sup>e<\/sup> cycle dans une universit\u00e9 du Qu\u00e9bec;&nbsp;<\/li>\n\n\n\n<li>Ensure that these studies relate to taxonomy, phylogenetics, systematics, paleoentomology, biogeography and\/or biodiversity of arthropods;&nbsp;<\/li>\n\n\n\n<li>Have the support of a research director for the project;&nbsp;<\/li>\n<\/ul>\n\n\n\n<p><strong>Selection criteria<\/strong>&nbsp;<\/p>\n\n\n\n<p>As an indication, here are the selection criteria that are taken into consideration:&nbsp;<\/p>\n\n\n\n<ul class=\"wp-block-list\">\n<li>Letter of interest&nbsp;<\/li>\n\n\n\n<li>Value and originality of the proposed project&nbsp;&nbsp;<\/li>\n\n\n\n<li>Relevance and potential impact of the project&nbsp;<\/li>\n\n\n\n<li>Logistical and financial feasibility of the project&nbsp;<\/li>\n<\/ul>\n\n\n\n<p><strong>Other information to provide<\/strong>&nbsp;<\/p>\n\n\n\n<p>Attach an appendix titled <strong>Research work experience<\/strong>. It must include the following:&nbsp;<\/p>\n\n\n\n<ul class=\"wp-block-list\">\n<li>Position held&nbsp;<\/li>\n\n\n\n<li>Task description&nbsp;<\/li>\n\n\n\n<li>Place of work&nbsp;<\/li>\n\n\n\n<li>Supervisor\u2019s contact information<\/li>\n\n\n\n<li>Start date of graduate studies and expected graduation date&nbsp;<\/li>\n\n\n\n<li>Two letters of support. One from the research director and the other from a supervisor regarding work experiences illustrating the applicant\u2019s ability to complete the project. The letter of support must certify that the student is registered as a full-time student.&nbsp;<\/li>\n<\/ul>\n\n\n\n<p>Attach an appendix titled <strong>Research project description<\/strong>. It must include the following:&nbsp;<\/p>\n\n\n\n<ul class=\"wp-block-list\">\n<li>Description of the project (maximum 2 pages)&nbsp;<\/li>\n\n\n\n<li>Research work plan, schedule and budget&nbsp;<\/li>\n\n\n\n<li>Institution attended within the framework of the project&nbsp;<\/li>\n\n\n\n<li>Contact information of the research director&nbsp;<\/li>\n\n\n\n<li>Contact information of co-directors or scientific partners&nbsp;<\/li>\n<\/ul>\n\n\n\n<p><strong>Registration instructions<\/strong>&nbsp;<\/p>\n\n\n\n<p>Before submitting your application by e-mail, please ensure that it includes, in one PDF file, all of these documents in the following order:&nbsp;<\/p>\n\n\n\n<p>Required documents:&nbsp;<\/p>\n\n\n\n<ol start=\"1\" class=\"wp-block-list\">\n<li>A copy of proof of Canadian citizenship or a copy of proof of authorization to work in Canada&nbsp;<\/li>\n\n\n\n<li>A letter of interest (maximum of 500 words)&nbsp;<\/li>\n\n\n\n<li>An appendix titled <strong>Research work experience<\/strong>&nbsp;<\/li>\n\n\n\n<li>Two letters of support: 1) from a research director and 2) an immediate actual or recent supervisor<\/li>\n\n\n\n<li>An appendix titled <strong>Research project description<\/strong>&nbsp;<\/li>\n\n\n\n<li>A copy of the <em>curriculum vitae<\/em>&nbsp;<\/li>\n<\/ol>\n\n\n\n<ol start=\"5\" class=\"wp-block-list\">\n<li><\/li>\n<\/ol>\n\n\n\n<ol start=\"6\" class=\"wp-block-list\">\n<li><\/li>\n<\/ol>\n\n\n\n<p>For additional information or to submit your application (as one PDF document), contact the outgoing president, Maxime Lefebvre (<a href=\"mailto:maxime.lefebvre@irda.qc.ca\">maxime.lefebvre@irda.qc.ca<\/a>) or the secretary of the SEQ (<a href=\"mailto:secretaireseq@gmail.com\" target=\"_blank\" rel=\"noreferrer noopener\">secretaireseq@gmail.com<\/a>).&nbsp;<\/p>\n\n\n\n<p>Please indicate \"<strong> St\u00e9phane Le Tirant Scholarship<\/strong>\" in the e-mail subject line.&nbsp;<\/p>","protected":false},"excerpt":{"rendered":"<p>S\u00e9lectionner la langue d&rsquo;affichage: La Bourse St\u00e9phane Le Tirant est \u00e0 l\u2019honneur de M. St\u00e9phane Le Tirant, pionnier contemporain de l\u2019entomologie au Qu\u00e9bec. St\u00e9phane Le Tirant travaille \u00e0 l\u2019Insectarium depuis 1988. Il se voit confier la responsabilit\u00e9 des collections vivantes et devient assistant-entomologiste et conservateur des collections. Il a particip\u00e9 \u00e0 la plupart des expositions [&hellip;]<\/p>","protected":false},"author":1,"featured_media":0,"parent":0,"menu_order":0,"comment_status":"closed","ping_status":"closed","template":"","meta":{"pmpro_default_level":"","_uag_custom_page_level_css":"","footnotes":""},"class_list":["post-13613","page","type-page","status-publish","hentry","pmpro-has-access"],"uagb_featured_image_src":{"full":false,"thumbnail":false,"medium":false,"medium_large":false,"large":false,"1536x1536":false,"2048x2048":false,"trp-custom-language-flag":false,"featured-image-medium":false,"featured-img-medium":false},"uagb_author_info":{"display_name":"Soci\u00e9t\u00e9 d'entomologie du Qu\u00e9bec","author_link":"https:\/\/seq.ca\/en\/author\/webmestreseq\/"},"uagb_comment_info":0,"uagb_excerpt":"S\u00e9lectionner la langue d&rsquo;affichage: La Bourse St\u00e9phane Le Tirant est \u00e0 l\u2019honneur de M. St\u00e9phane Le Tirant, pionnier contemporain de l\u2019entomologie au Qu\u00e9bec. St\u00e9phane Le Tirant travaille \u00e0 l\u2019Insectarium depuis 1988. Il se voit confier la responsabilit\u00e9 des collections vivantes et devient assistant-entomologiste et conservateur des collections. Il a particip\u00e9 \u00e0 la plupart des expositions&hellip;","_links":{"self":[{"href":"https:\/\/seq.ca\/en\/wp-json\/wp\/v2\/pages\/13613","targetHints":{"allow":["GET"]}}],"collection":[{"href":"https:\/\/seq.ca\/en\/wp-json\/wp\/v2\/pages"}],"about":[{"href":"https:\/\/seq.ca\/en\/wp-json\/wp\/v2\/types\/page"}],"author":[{"embeddable":true,"href":"https:\/\/seq.ca\/en\/wp-json\/wp\/v2\/users\/1"}],"replies":[{"embeddable":true,"href":"https:\/\/seq.ca\/en\/wp-json\/wp\/v2\/comments?post=13613"}],"version-history":[{"count":13,"href":"https:\/\/seq.ca\/en\/wp-json\/wp\/v2\/pages\/13613\/revisions"}],"predecessor-version":[{"id":14645,"href":"https:\/\/seq.ca\/en\/wp-json\/wp\/v2\/pages\/13613\/revisions\/14645"}],"wp:attachment":[{"href":"https:\/\/seq.ca\/en\/wp-json\/wp\/v2\/media?parent=13613"}],"curies":[{"name":"wp","href":"https:\/\/api.w.org\/{rel}","templated":true}]}}

Stéphane Le Tirant Scholarship

<div class="wp-block-columns is-not-stacked-on-mobile is-layout-flex wp-container-core-columns-is-layout-9d6595d7 wp-block-columns-is-layout-flex">
<div class="wp-block-column is-layout-flow wp-block-column-is-layout-flow">
<div class="wp-block-group is-nowrap is-layout-flex wp-container-core-group-is-layout-ad2f72ca wp-block-group-is-layout-flex">
<p>Select the display language:</p>


<div class="trp-block-container"><div class="trp-shortcode-switcher__wrapper"
     style="--bg:#ffffff;--bg-hover:#0000000d;--text:#143852;--text-hover:#1d2327;--border:1px solid #1438521a;--border-width:1px;--border-color:#1438521a;--border-radius:5px;--flag-radius:2px;--flag-size:18px;--aspect-ratio:4/3;--font-size:14px;--transition-duration:0.2s"
     role="group"
     data-open-mode="hover">

    
        <!-- ANCHOR (in-flow only; sizing/borders; inert) -->
        <div class="trp-language-switcher trp-ls-dropdown trp-shortcode-switcher trp-shortcode-anchor trp-open-on-hover"
             aria-hidden="true"
             inert
 data-no-translation>
                <div class="trp-current-language-item__wrapper">
        <a class="trp-language-item trp-language-item__default trp-language-item__current" data-no-translation href="https://seq.ca/en/wp-json/wp/v2/pages/13613" title="EN"><span class="trp-language-item-name">EN</span></a>                    <svg class="trp-shortcode-arrow" width="20" height="20" viewbox="0 0 20 21" fill="none" aria-hidden="true" focusable="false" xmlns="http://www.w3.org/2000/svg">
                <path d="M5 8L10 13L15 8" stroke="var(--text)" stroke-width="2" stroke-linecap="round" stroke-linejoin="round"/>
            </svg>
            </div>
            </div>

        <!-- OVERLAY (positioned; interactive surface) -->
        <div class="trp-language-switcher trp-ls-dropdown trp-shortcode-switcher trp-shortcode-overlay trp-open-on-hover"
             role="navigation"
             aria-label="Website language selector"
             data-no-translation
>
                <div class="trp-current-language-item__wrapper">
        <div class="trp-language-item trp-language-item__default trp-language-item__current" data-no-translation role="button" aria-expanded="false" tabindex="0" aria-label="Change language" aria-controls="trp-shortcode-dropdown-69f2f39cdfd1f"><span class="trp-language-item-name">EN</span></div>                    <svg class="trp-shortcode-arrow" width="20" height="20" viewbox="0 0 20 21" fill="none" aria-hidden="true" focusable="false" xmlns="http://www.w3.org/2000/svg">
                <path d="M5 8L10 13L15 8" stroke="var(--text)" stroke-width="2" stroke-linecap="round" stroke-linejoin="round"/>
            </svg>
            </div>
    
            <div class="trp-switcher-dropdown-list"
                 id="trp-shortcode-dropdown-69f2f39cdfd1f"
                 role="group"
                 aria-label="Available languages"
                 hidden
 inert
>
                                                            <a class="trp-language-item" href="https://seq.ca/en/wp-json/wp/v2/pages/13613" title="FR">
                                                                                        <span class="trp-language-item-name" data-no-translation>FR</span>
                                                                                </a>
                                                </div>
        </div>

    </div>
</div></div>
</div>
</div>


<div class="wp-block-image">
<figure class="aligncenter size-large"><img decoding="async" src="https://seq.ca/wp-content/uploads/2024/02/stephane_le_tirant_2019.jpg" alt=""/></figure>
</div>


<p>The Stéphane Le Triant Scholarship honours Mr. Stéphane Le Tirant, contemporary pioneer of entomology in Québec. Stéphane Le Tirant has worked at the Montréal Insectarium since 1988, taking responsability for the live insect collection and becoming an assistant entomologist and collections curator. He has participated in most of the Insectarium’s exhibits and developed and co-created many of them. Stéphane is also an international expert of several groups of insects and continues taxonomic work with the Phyllidae, the Dynastinae (Coleoptera: Scarabaeidae), the Phasmidae, the lepidoptera and in paleoentomology.&nbsp;</p>



<p>A 5000$ scholarship will be awarded to a student registered in a master’s or doctoral program at a Quebec university and whose study and research project is directly associated with entomology. The 5000$ scholarship will aim to encourage students to pursue higher studies in the field of entomology but more specifically to stimulate and encourage students to pursue higher studies in the fields of taxonomy, systematics, biogeography, phylogenetics and biodiversity.&nbsp;</p>



<ul class="wp-block-list">
<li>The deadline for application is <strong>May 2nd, 2025 </strong>.&nbsp;</li>



<li>Award winners will be announced at the end of July.&nbsp;</li>



<li>Awardees will be required to commit to presenting their research at SEQ annual conference, as an oral presentation (highly recommended) or poster.&nbsp;</li>
</ul>



<p><strong>NOTE: Award winners may apply for a second scholarship (maximum of two scholarships per graduate cycle). These applications will then be evaluated on the same basis as those of other applicants.<sup>e</sup>ou 3<sup>e</sup>cycle). Ces candidatures seront alors évaluées au même titre que celles des autres candidatures reçues.</strong>&nbsp;</p>



<p><strong>Eligibility criteria</strong>&nbsp;</p>



<p>The applicant must:&nbsp;</p>



<ul class="wp-block-list">
<li>Be a Canadian citizen or be authorized to work in Canada and have a social insurance number ;&nbsp;</li>



<li>Be a member or become a member of the Société d’entomologie du Québec (SEQ) (Become a member of the <a href="https://seq.ca/en/compte-dadherent/devenir-membre/" target="_blank" rel="noreferrer noopener"><strong>SEQ</strong></a> by clicking on the link);&nbsp;</li>



<li>Pursue, in the academic year following the application, for at least one semester, full-time graduate studies at a Québec university;<sup>e</sup> ou 3<sup>e</sup> cycle dans une université du Québec;&nbsp;</li>



<li>Ensure that these studies relate to taxonomy, phylogenetics, systematics, paleoentomology, biogeography and/or biodiversity of arthropods;&nbsp;</li>



<li>Have the support of a research director for the project;&nbsp;</li>
</ul>



<p><strong>Selection criteria</strong>&nbsp;</p>



<p>As an indication, here are the selection criteria that are taken into consideration:&nbsp;</p>



<ul class="wp-block-list">
<li>Letter of interest&nbsp;</li>



<li>Value and originality of the proposed project&nbsp;&nbsp;</li>



<li>Relevance and potential impact of the project&nbsp;</li>



<li>Logistical and financial feasibility of the project&nbsp;</li>
</ul>



<p><strong>Other information to provide</strong>&nbsp;</p>



<p>Attach an appendix titled <strong>Research work experience</strong>. It must include the following:&nbsp;</p>



<ul class="wp-block-list">
<li>Position held&nbsp;</li>



<li>Task description&nbsp;</li>



<li>Place of work&nbsp;</li>



<li>Supervisor’s contact information</li>



<li>Start date of graduate studies and expected graduation date&nbsp;</li>



<li>Two letters of support. One from the research director and the other from a supervisor regarding work experiences illustrating the applicant’s ability to complete the project. The letter of support must certify that the student is registered as a full-time student.&nbsp;</li>
</ul>



<p>Attach an appendix titled <strong>Research project description</strong>. It must include the following:&nbsp;</p>



<ul class="wp-block-list">
<li>Description of the project (maximum 2 pages)&nbsp;</li>



<li>Research work plan, schedule and budget&nbsp;</li>



<li>Institution attended within the framework of the project&nbsp;</li>



<li>Contact information of the research director&nbsp;</li>



<li>Contact information of co-directors or scientific partners&nbsp;</li>
</ul>



<p><strong>Registration instructions</strong>&nbsp;</p>



<p>Before submitting your application by e-mail, please ensure that it includes, in one PDF file, all of these documents in the following order:&nbsp;</p>



<p>Required documents:&nbsp;</p>



<ol start="1" class="wp-block-list">
<li>A copy of proof of Canadian citizenship or a copy of proof of authorization to work in Canada&nbsp;</li>



<li>A letter of interest (maximum of 500 words)&nbsp;</li>



<li>An appendix titled <strong>Research work experience</strong>&nbsp;</li>



<li>Two letters of support: 1) from a research director and 2) an immediate actual or recent supervisor</li>



<li>An appendix titled <strong>Research project description</strong>&nbsp;</li>



<li>A copy of the <em>curriculum vitae</em>&nbsp;</li>
</ol>



<ol start="5" class="wp-block-list">
<li></li>
</ol>



<ol start="6" class="wp-block-list">
<li></li>
</ol>



<p>For additional information or to submit your application (as one PDF document), contact the outgoing president, Maxime Lefebvre (<a href="mailto:maxime.lefebvre@irda.qc.ca">maxime.lefebvre@irda.qc.ca</a>) or the secretary of the SEQ (<a href="mailto:secretaireseq@gmail.com" target="_blank" rel="noreferrer noopener">secretaireseq@gmail.com</a>).&nbsp;</p>



<p>Please indicate "<strong> Stéphane Le Tirant Scholarship</strong>" in the e-mail subject line.&nbsp;</p>

<p>Sélectionner la langue d&rsquo;affichage: La Bourse Stéphane Le Tirant est à l’honneur de M. Stéphane Le Tirant, pionnier contemporain de l’entomologie au Québec. Stéphane Le Tirant travaille à l’Insectarium depuis 1988. Il se voit confier la responsabilité des collections vivantes et devient assistant-entomologiste et conservateur des collections. Il a participé à la plupart des expositions [&hellip;]</p>

Société d'entomologie du Québec

Sélectionner la langue d&rsquo;affichage: La Bourse Stéphane Le Tirant est à l’honneur de M. Stéphane Le Tirant, pionnier contemporain de l’entomologie au Québec. Stéphane Le Tirant travaille à l’Insectarium depuis 1988. Il se voit confier la responsabilité des collections vivantes et devient assistant-entomologiste et conservateur des collections. Il a participé à la plupart des expositions&hellip;
