{"id":241,"date":"2019-01-17T23:01:50","date_gmt":"2019-01-18T04:01:50","guid":{"rendered":"https:\/\/seq.ca?page_id=241"},"modified":"2022-09-07T17:28:41","modified_gmt":"2022-09-07T21:28:41","slug":"antennae-archives","status":"publish","type":"page","link":"https:\/\/seq.ca\/en\/antennae\/antennae-archives\/","title":{"rendered":"Bulletin Antennae de la Soci\u00e9t\u00e9 d&rsquo;entomologie du Qu\u00e9bec &#8211; Section membre"},"content":{"rendered":"<div class=\"pmpro\">\n<div class=\"pmpro_card pmpro_content_message\">\n<div class=\"pmpro_card_content\">Ce contenu est pour les membres seulement.<\/p>\n<p><a href=\"https:\/\/seq.ca\/en\/wp-login.php\/?action=register\">Devenir membre<\/a><\/p>\n<\/div>\n<div class=\"pmpro_card_actions pmpro_font-medium\">Already a member? <a href=\"https:\/\/seq.ca\/en\/login\/?redirect_to=https%3A%2F%2Fseq.ca%2Fen%2Fantennae%2Fantennae-archives%2F\">Log in here<\/a><\/div>\n<\/div>\n<\/div>","protected":false},"excerpt":{"rendered":"<div class=\"pmpro\"><div class=\"pmpro_card pmpro_content_message\"><div class=\"pmpro_card_content\">Ce contenu est pour les membres seulement.<br \/><br \/><a href=\"https:\/\/seq.ca\/en\/wp-login.php\/?action=register\">Devenir membre<\/a><br \/><br \/><\/div><div class=\"pmpro_card_actions pmpro_font-medium\">Already a member? <a href=\"https:\/\/seq.ca\/en\/login\/?redirect_to=https%3A%2F%2Fseq.ca%2Fen%2Fantennae%2Fantennae-archives%2F\">Log in here<\/a><\/div><\/div><\/div>","protected":false},"author":1,"featured_media":0,"parent":34,"menu_order":2,"comment_status":"closed","ping_status":"closed","template":"","meta":{"pmpro_default_level":"","_uag_custom_page_level_css":"","footnotes":""},"class_list":["post-241","page","type-page","status-publish","hentry","pmpro-level-required","pmpro-level-1","pmpro-level-2","pmpro-level-3","pmpro-level-4","pmpro-level-5","pmpro-no-access"],"uagb_featured_image_src":{"full":false,"thumbnail":false,"medium":false,"medium_large":false,"large":false,"1536x1536":false,"2048x2048":false,"trp-custom-language-flag":false,"featured-image-medium":false,"featured-img-medium":false},"uagb_author_info":{"display_name":"Soci\u00e9t\u00e9 d'entomologie du Qu\u00e9bec","author_link":"https:\/\/seq.ca\/en\/author\/webmestreseq\/"},"uagb_comment_info":0,"uagb_excerpt":"Les parutions du printemps et de l\u2019automne sont r\u00e9serv\u00e9es aux membres de la SEQ.","_links":{"self":[{"href":"https:\/\/seq.ca\/en\/wp-json\/wp\/v2\/pages\/241","targetHints":{"allow":["GET"]}}],"collection":[{"href":"https:\/\/seq.ca\/en\/wp-json\/wp\/v2\/pages"}],"about":[{"href":"https:\/\/seq.ca\/en\/wp-json\/wp\/v2\/types\/page"}],"author":[{"embeddable":true,"href":"https:\/\/seq.ca\/en\/wp-json\/wp\/v2\/users\/1"}],"replies":[{"embeddable":true,"href":"https:\/\/seq.ca\/en\/wp-json\/wp\/v2\/comments?post=241"}],"version-history":[{"count":0,"href":"https:\/\/seq.ca\/en\/wp-json\/wp\/v2\/pages\/241\/revisions"}],"up":[{"embeddable":true,"href":"https:\/\/seq.ca\/en\/wp-json\/wp\/v2\/pages\/34"}],"wp:attachment":[{"href":"https:\/\/seq.ca\/en\/wp-json\/wp\/v2\/media?parent=241"}],"curies":[{"name":"wp","href":"https:\/\/api.w.org\/{rel}","templated":true}]}}

Bulletin Antennae de la Société d&rsquo;entomologie du Québec &#8211; Section membre

Société d'entomologie du Québec

Les parutions du printemps et de l’automne sont réservées aux membres de la SEQ.
