{"id":3126,"date":"2019-06-02T21:54:23","date_gmt":"2019-06-03T01:54:23","guid":{"rendered":"https:\/\/seq.ca\/?page_id=3126"},"modified":"2025-01-30T12:16:27","modified_gmt":"2025-01-30T17:16:27","slug":"reunions-precedentes","status":"publish","type":"page","link":"https:\/\/seq.ca\/en\/reunion-annuelles\/reunions-precedentes\/","title":{"rendered":"R\u00e9unions pr\u00e9c\u00e9dentes de la SEQ"},"content":{"rendered":"<ul class=\"wp-block-list\">\n<li>2024 &#8211; R\u00e9union conjointe SEQ-SEC: Le bon, la brute et le truand \u2013 Une question de perspective <a href=\"https:\/\/seq.ca\/en\/reunion-annuelle-2024\/\" target=\"_blank\" rel=\"noreferrer noopener\">>>><\/a><\/li>\n\n\n\n<li>2023 &#8211; 150 ans d\u2019entomologie au Qu\u00e9bec\u00a0: Pass\u00e9, pr\u00e9sent et futur <a href=\"https:\/\/event.fourwaves.com\/fr\/seq2023\/pages\" target=\"_blank\" rel=\"noreferrer noopener\">>>><\/a><\/li>\n\n\n\n<li>2022 &#8211; L\u2019entomologie, un monde d\u2019interactions <a href=\"https:\/\/seq.ca\/en\/reunion-annuelle-2022\/\">>>><\/a><\/li>\n\n\n\n<li>2021 &#8211; \u00c0 la vie \u00e0 la mort: entomologie m\u00e9dicale et l\u00e9gale <a href=\"https:\/\/seq.ca\/en\/reunion-annuelle-2021\/\">>>><\/a><\/li>\n\n\n\n<li>2020 &#8211; Pas de pause pour l\u2019entomologie pendant la pand\u00e9mie : restons connect\u00e9s! <a href=\"https:\/\/seq.ca\/en\/reunion-annuelle-2020\/\">>>><\/a><\/li>\n\n\n\n<li>2019 &#8211; Les Entotechnologies \u00e9mergentes : les insectes au service de l\u2019humain <a href=\"https:\/\/seq.ca\/en\/reunion-annuelles\/reunion-annuelle-2019\/\">>>><\/a><\/li>\n\n\n\n<li>2018 &#8211; L&rsquo;entomologie \u00e0 l&rsquo;\u00e8re des nouvelles technologies <\/li>\n\n\n\n<li>2017 &#8211; Le patrimoine entomologique. 23-24 nov. 2017, H\u00f4tel Sandman, Longueuil.\u00a0<\/li>\n\n\n\n<li>2016 &#8211; R\u00e9union conjointe SEQ-SPPQ. La lutte int\u00e9gr\u00e9e : difficile \u00e0 int\u00e9grer? 2-4 nov. 2016, H\u00f4tel Montfort, Nicolet.\u00a0<\/li>\n\n\n\n<li>2015 &#8211; L\u2019entomologie \u00e0 l\u2019\u00e8re de l\u2019anthropoc\u00e8ne, H\u00f4tel Marriott Ch\u00e2teau Champlain, Montr\u00e9al, 8-11 novembre 2015<\/li>\n\n\n\n<li>2014 &#8211; Les insectes dans le paysage, H\u00f4tel-Mus\u00e9e Premi\u00e8res Nation Wendake, Qu\u00e9bec, 6-7 novembre 2014<\/li>\n\n\n\n<li>2013 &#8211; Le language intime des insectes, H\u00f4tel Le Chanteclerc, Sainte-Ad\u00e8le, 21-22 novembre 2013<\/li>\n\n\n\n<li>2012 &#8211; Entomologie et agriculture biologique : de l&rsquo;\u00e9cologie \u00e0 la pratique, H\u00f4tel Mortagne, Boucherville, 1-2 novembre 2012<\/li>\n\n\n\n<li>2011 &#8211; Les relations plantes-insectes, Centre Jouvence, Orford, 13-14 octobre 2011\u00a0<\/li>\n\n\n\n<li>2010 &#8211; Les changements climatiques, la v\u00e9rit\u00e9 sortira-t-elle des insectes?, Trois-Rivi\u00e8res, 11-12 novembre 2010<\/li>\n\n\n\n<li>2009 &#8211; Les parasito\u00efdes: du fondamental \u00e0 l&rsquo;appliqu\u00e9, St-Jean-sur-Richelieu, 5-6 nov. 2009<\/li>\n\n\n\n<li>2008 &#8211; R\u00e9union conjointe avec la Soci\u00e9t\u00e9 de protection des plantes du Qu\u00e9bec: \u00ab\u00a0La phytoprotection, 100 ans de d\u00e9couvertes : un tremplin vers l\u2019avenir!\u00a0\u00bb Qu\u00e9bec, 20-21 nov. 2008<\/li>\n\n\n\n<li>2007 &#8211; D\u00e9veloppement Durable et Gestion des Probl\u00e8mes Entomologiques :\u00a0Fantasme, Mirage ou R\u00e9alit\u00e9 ?\u00a0Manoir du Lac Delage, Lac Delage (Qu\u00e9bec), 25-26 octobre 2007\u00a0<\/li>\n\n\n\n<li>2006 &#8211; Diversit\u00e9. La 133i\u00e8me r\u00e9union annuelle de la SEQ s&rsquo;est d\u00e9roul\u00e9 de fa\u00e7on conjointe avec la Soci\u00e9t\u00e9 d&rsquo;entomologie du Canada, du 18 au 22 novembre 2006\u00a0<\/li>\n\n\n\n<li>2005 &#8211; La 132i\u00e8me r\u00e9union annuelle s&rsquo;est d\u00e9roul\u00e9 sous le th\u00e8me \u00ab\u00a0Mille et une entomologies, les 27 et 28 octobre 2005 au Centre Jouvence d&rsquo;Orford\u00a0<\/li>\n\n\n\n<li>2004 &#8211; Vues d&rsquo;ici, la 131i\u00e8me r\u00e9union annuelle de la SEQ s&rsquo;est tenu les 4 et 5 novembre \u00e0 l&rsquo;h\u00f4tel Holiday Inn de Montr\u00e9al<\/li>\n\n\n\n<li>2003 &#8211; \u00ab\u00a0Insectes sans fronti\u00e8res\u00a0\u00bb \u00e9tait le th\u00e8me du 130i\u00e8me congr\u00e8s de la SEQ qui s&rsquo;est d\u00e9roul\u00e9 \u00e0 l&rsquo;H\u00f4tel Ch\u00e2teau Laurier de Qu\u00e9bec les 13 et 14 novembre 2003.\u00a0<\/li>\n\n\n\n<li>2002 &#8211; CIFE 2002 &#8211; La SEQ fut invit\u00e9e \u00e0 participer \u00e0 la 5ieme Conf\u00e9rence Internationale Francophone d&rsquo;entomologie qui s&rsquo;est tenue \u00e0 Montr\u00e9al du 14 au 18 juillet 2002.<\/li>\n\n\n\n<li>2001 &#8211; Le congr\u00e8s 2001 a eu lieu \u00e0 Beloeil sous le th\u00e8me \u00ab\u00a0Entomologie et agriculture durable: vers une production int\u00e9gr\u00e9e des fruits et l\u00e9gumes\u00a0\u00bb. 160 participants ont assist\u00e9 \u00e0 ce congr\u00e8s<\/li>\n\n\n\n<li>2000 &#8211; La SEQ fut la soci\u00e9t\u00e9 h\u00f4te d&rsquo;une rencontre de grande envergure r\u00e9unissant les soci\u00e9t\u00e9s canadienne et am\u00e9ricaine d&rsquo;entomologie. Plus de 2200 personnes ont assist\u00e9 au congr\u00e8s tenu au Palais des Congr\u00e8s de Montr\u00e9al du 3 au 9 d\u00e9cembre 2000<\/li>\n\n\n\n<li>1999 &#8211; \u00ab\u00a0Biodiversit\u00e9\u00a0\u00bb. Maison du citoyen, Hull, 25-26 octobre. Organisateur : Fran\u00e7ois Lorenzetti et Gabriel Guillet<\/li>\n\n\n\n<li>1998 &#8211; R\u00e9union conjointe SEQ-SEC. Qu\u00e9bec (Ch\u00e2teau Frontenac), 31 octobre \u2013 04 novembre. Organisatrice : Johanne Delisle<br>&#8211; Symposium I : \u00ab L\u2019\u00e9cologie chimique fondamentale au service de la lutte int\u00e9gr\u00e9e \u00bb<br>&#8211; Symposium II : \u00ab L\u2019\u00e9cologie \u00e9volutive : une approche conceptuelle pour d\u00e9velopper la lutte int\u00e9gr\u00e9e \u00bb<br>&#8211; Symposium III : \u00ab Physiologie et biologie mol\u00e9culaire des insectes : vers le d\u00e9veloppement d\u2019insecticides biorationnels<\/li>\n\n\n\n<li>1997 &#8211; \u00ab Bio-pesticides \u00bb. Saint-Jean-sur-Richelieu (Centre culturel Fernand-Charest), 6 et 7 novembre. Organisateur : Guy B\u00e9lair<\/li>\n\n\n\n<li>1996 &#8211; 123e r\u00e9union annuelle de la SEQ. \u00abAgents de lutte biologique en interaction\u00bb. Qu\u00e9bec (Universit\u00e9 Laval), 29-30 octobre. Organisateur : Jacques Brodeur<\/li>\n\n\n\n<li>1995 &#8211; \u00ab L\u2019entomologie urbaine \u00bb. Montr\u00e9al (Auberge Universel), 1 et 2 novembre. Organisateur : Denis Bouchard<\/li>\n\n\n\n<li>1994 &#8211; \u00ab Insectes parasites, parasites d\u2019insectes \u00bb. Trois-Rivi\u00e8res (UQTR), 2 et 3 novembre. Organisateur : Jean-Pierre Bourassa<\/li>\n\n\n\n<li>1991 &#8211; Universit\u00e9 du Qu\u00e9bec \u00e0 Montr\u00e9al (UQAM), 20-23 octobre. Organisateur : Charles Vincent<\/li>\n<\/ul>","protected":false},"excerpt":{"rendered":"","protected":false},"author":1,"featured_media":0,"parent":36,"menu_order":0,"comment_status":"closed","ping_status":"closed","template":"","meta":{"pmpro_default_level":"","_uag_custom_page_level_css":"","footnotes":""},"class_list":["post-3126","page","type-page","status-publish","hentry","pmpro-has-access"],"uagb_featured_image_src":{"full":false,"thumbnail":false,"medium":false,"medium_large":false,"large":false,"1536x1536":false,"2048x2048":false,"trp-custom-language-flag":false,"featured-image-medium":false,"featured-img-medium":false},"uagb_author_info":{"display_name":"Soci\u00e9t\u00e9 d'entomologie du Qu\u00e9bec","author_link":"https:\/\/seq.ca\/en\/author\/webmestreseq\/"},"uagb_comment_info":0,"uagb_excerpt":null,"_links":{"self":[{"href":"https:\/\/seq.ca\/en\/wp-json\/wp\/v2\/pages\/3126","targetHints":{"allow":["GET"]}}],"collection":[{"href":"https:\/\/seq.ca\/en\/wp-json\/wp\/v2\/pages"}],"about":[{"href":"https:\/\/seq.ca\/en\/wp-json\/wp\/v2\/types\/page"}],"author":[{"embeddable":true,"href":"https:\/\/seq.ca\/en\/wp-json\/wp\/v2\/users\/1"}],"replies":[{"embeddable":true,"href":"https:\/\/seq.ca\/en\/wp-json\/wp\/v2\/comments?post=3126"}],"version-history":[{"count":0,"href":"https:\/\/seq.ca\/en\/wp-json\/wp\/v2\/pages\/3126\/revisions"}],"up":[{"embeddable":true,"href":"https:\/\/seq.ca\/en\/wp-json\/wp\/v2\/pages\/36"}],"wp:attachment":[{"href":"https:\/\/seq.ca\/en\/wp-json\/wp\/v2\/media?parent=3126"}],"curies":[{"name":"wp","href":"https:\/\/api.w.org\/{rel}","templated":true}]}}

Réunions précédentes de la SEQ

<ul class="wp-block-list">
<li>2024 &#8211; Réunion conjointe SEQ-SEC: Le bon, la brute et le truand – Une question de perspective <a href="https://seq.ca/en/reunion-annuelle-2024/" target="_blank" rel="noreferrer noopener">>>></a></li>



<li>2023 &#8211; 150 ans d’entomologie au Québec : Passé, présent et futur <a href="https://event.fourwaves.com/fr/seq2023/pages" target="_blank" rel="noreferrer noopener">>>></a></li>



<li>2022 &#8211; L’entomologie, un monde d’interactions <a href="https://seq.ca/en/reunion-annuelle-2022/">>>></a></li>



<li>2021 &#8211; À la vie à la mort: entomologie médicale et légale <a href="https://seq.ca/en/reunion-annuelle-2021/">>>></a></li>



<li>2020 &#8211; Pas de pause pour l’entomologie pendant la pandémie : restons connectés! <a href="https://seq.ca/en/reunion-annuelle-2020/">>>></a></li>



<li>2019 &#8211; Les Entotechnologies émergentes : les insectes au service de l’humain <a href="https://seq.ca/en/reunion-annuelles/reunion-annuelle-2019/">>>></a></li>



<li>2018 &#8211; L&rsquo;entomologie à l&rsquo;ère des nouvelles technologies </li>



<li>2017 &#8211; Le patrimoine entomologique. 23-24 nov. 2017, Hôtel Sandman, Longueuil. </li>



<li>2016 &#8211; Réunion conjointe SEQ-SPPQ. La lutte intégrée : difficile à intégrer? 2-4 nov. 2016, Hôtel Montfort, Nicolet. </li>



<li>2015 &#8211; L’entomologie à l’ère de l’anthropocène, Hôtel Marriott Château Champlain, Montréal, 8-11 novembre 2015</li>



<li>2014 &#8211; Les insectes dans le paysage, Hôtel-Musée Premières Nation Wendake, Québec, 6-7 novembre 2014</li>



<li>2013 &#8211; Le language intime des insectes, Hôtel Le Chanteclerc, Sainte-Adèle, 21-22 novembre 2013</li>



<li>2012 &#8211; Entomologie et agriculture biologique : de l&rsquo;écologie à la pratique, Hôtel Mortagne, Boucherville, 1-2 novembre 2012</li>



<li>2011 &#8211; Les relations plantes-insectes, Centre Jouvence, Orford, 13-14 octobre 2011 </li>



<li>2010 &#8211; Les changements climatiques, la vérité sortira-t-elle des insectes?, Trois-Rivières, 11-12 novembre 2010</li>



<li>2009 &#8211; Les parasitoïdes: du fondamental à l&rsquo;appliqué, St-Jean-sur-Richelieu, 5-6 nov. 2009</li>



<li>2008 &#8211; Réunion conjointe avec la Société de protection des plantes du Québec: « La phytoprotection, 100 ans de découvertes : un tremplin vers l’avenir! » Québec, 20-21 nov. 2008</li>



<li>2007 &#8211; Développement Durable et Gestion des Problèmes Entomologiques : Fantasme, Mirage ou Réalité ? Manoir du Lac Delage, Lac Delage (Québec), 25-26 octobre 2007 </li>



<li>2006 &#8211; Diversité. La 133ième réunion annuelle de la SEQ s&rsquo;est déroulé de façon conjointe avec la Société d&rsquo;entomologie du Canada, du 18 au 22 novembre 2006 </li>



<li>2005 &#8211; La 132ième réunion annuelle s&rsquo;est déroulé sous le thème « Mille et une entomologies, les 27 et 28 octobre 2005 au Centre Jouvence d&rsquo;Orford </li>



<li>2004 &#8211; Vues d&rsquo;ici, la 131ième réunion annuelle de la SEQ s&rsquo;est tenu les 4 et 5 novembre à l&rsquo;hôtel Holiday Inn de Montréal</li>



<li>2003 &#8211; « Insectes sans frontières » était le thème du 130ième congrès de la SEQ qui s&rsquo;est déroulé à l&rsquo;Hôtel Château Laurier de Québec les 13 et 14 novembre 2003. </li>



<li>2002 &#8211; CIFE 2002 &#8211; La SEQ fut invitée à participer à la 5ieme Conférence Internationale Francophone d&rsquo;entomologie qui s&rsquo;est tenue à Montréal du 14 au 18 juillet 2002.</li>



<li>2001 &#8211; Le congrès 2001 a eu lieu à Beloeil sous le thème « Entomologie et agriculture durable: vers une production intégrée des fruits et légumes ». 160 participants ont assisté à ce congrès</li>



<li>2000 &#8211; La SEQ fut la société hôte d&rsquo;une rencontre de grande envergure réunissant les sociétés canadienne et américaine d&rsquo;entomologie. Plus de 2200 personnes ont assisté au congrès tenu au Palais des Congrès de Montréal du 3 au 9 décembre 2000</li>



<li>1999 &#8211; « Biodiversité ». Maison du citoyen, Hull, 25-26 octobre. Organisateur : François Lorenzetti et Gabriel Guillet</li>



<li>1998 &#8211; Réunion conjointe SEQ-SEC. Québec (Château Frontenac), 31 octobre – 04 novembre. Organisatrice : Johanne Delisle<br>&#8211; Symposium I : « L’écologie chimique fondamentale au service de la lutte intégrée »<br>&#8211; Symposium II : « L’écologie évolutive : une approche conceptuelle pour développer la lutte intégrée »<br>&#8211; Symposium III : « Physiologie et biologie moléculaire des insectes : vers le développement d’insecticides biorationnels</li>



<li>1997 &#8211; « Bio-pesticides ». Saint-Jean-sur-Richelieu (Centre culturel Fernand-Charest), 6 et 7 novembre. Organisateur : Guy Bélair</li>



<li>1996 &#8211; 123e réunion annuelle de la SEQ. «Agents de lutte biologique en interaction». Québec (Université Laval), 29-30 octobre. Organisateur : Jacques Brodeur</li>



<li>1995 &#8211; « L’entomologie urbaine ». Montréal (Auberge Universel), 1 et 2 novembre. Organisateur : Denis Bouchard</li>



<li>1994 &#8211; « Insectes parasites, parasites d’insectes ». Trois-Rivières (UQTR), 2 et 3 novembre. Organisateur : Jean-Pierre Bourassa</li>



<li>1991 &#8211; Université du Québec à Montréal (UQAM), 20-23 octobre. Organisateur : Charles Vincent</li>
</ul>

Société d'entomologie du Québec
