{"id":3263,"date":"2019-06-23T22:56:30","date_gmt":"2019-06-24T02:56:30","guid":{"rendered":"https:\/\/seq.ca\/?page_id=3263"},"modified":"2022-09-08T08:47:25","modified_gmt":"2022-09-08T12:47:25","slug":"programme-2019","status":"publish","type":"page","link":"https:\/\/seq.ca\/en\/reunion-annuelles\/reunion-annuelle-2019\/programme-2019\/","title":{"rendered":"Programme 2019"},"content":{"rendered":"<h3 class=\"wp-block-heading\"><span style=\"text-decoration: underline;\"><a href=\"https:\/\/seq.ca\/wp-content\/uploads\/2019\/11\/Programme_2019.pdf\">Voir le programme complet<\/a><\/span><\/h3>\n\n\n\n<h4 class=\"wp-block-heading\">Jeudi (28 novembre)<\/h4>\n\n\n\n<p><a rel=\"noreferrer noopener\" aria-label=\"Cliquez ici pour l'horaire d\u00e9taill\u00e9 de la journ\u00e9e (opens in a new tab)\" href=\"https:\/\/seq.ca\/wp-content\/uploads\/2019\/10\/Congr\u00e8s-SEQ-2019-Horaire-du-jeudi-L.pdf\" target=\"_blank\"><span style=\"text-decoration: underline;\">Cliquez ici pour l&rsquo;horaire d\u00e9taill\u00e9 de la journ\u00e9e<\/span><\/a><\/p>\n\n\n\n<p>AM&nbsp;: 8&nbsp;h&nbsp;00 &#8211; 11&nbsp;h&nbsp;45<\/p>\n\n\n\n<p>8 h 00&nbsp;Arriv\u00e9e des participants \/ Inscription et enregistrement <\/p>\n\n\n\n<p>8&nbsp;h&nbsp;55&nbsp;: Mot de bienvenue<\/p>\n\n\n\n<p>Conf\u00e9rence\nd\u2019ouverture : Tour d\u2019horizon des entotechnologies \u00e9mergentes, par Marie-H\u00e9l\u00e8ne\nDeschamps, U. Laval <\/p>\n\n\n\n<p>10 h 15 : <a>Communications scientifiques <\/a><\/p>\n\n\n\n<p>D\u00eener<\/p>\n\n\n\n<p>PM : 13&nbsp;h&nbsp;30 &#8211; 16&nbsp;h&nbsp;15<\/p>\n\n\n\n<p>13&nbsp;h&nbsp;30&nbsp;:\nCommunications scientifiques<\/p>\n\n\n\n<p>16&nbsp;h&nbsp;30&nbsp;: AGA de la Soci\u00e9t\u00e9 d\u2019entomologie du Qu\u00e9bec&nbsp; <\/p>\n\n\n\n<p>18&nbsp;h&nbsp;00 &#8211; 19&nbsp;h&nbsp;30 : Session affiches et cocktail (<a rel=\"noreferrer noopener\" aria-label=\"voir liste des affiches (opens in a new tab)\" href=\"https:\/\/seq.ca\/wp-content\/uploads\/2019\/10\/Congr\u00e8s-SEQ-2019-titres-des-affiches.pdf\" target=\"_blank\"><span style=\"text-decoration: underline;\">voir liste des affiches<\/span><\/a>)<\/p>\n\n\n\n<p>19&nbsp;h&nbsp;30\n&#8211; 1&nbsp;h&nbsp;00&nbsp;: Banquet, remise de prix et soir\u00e9e dansante<\/p>\n\n\n\n<h4 class=\"wp-block-heading\">Vendredi &#8211; Symposium (29 novembre)<\/h4>\n\n\n\n<p><span style=\"text-decoration: underline;\"><a href=\"https:\/\/seq.ca\/en\/reunion-annuelles\/reunion-annuelle-2019\/symposium-2019\/\">Cliquer pour l\u2019horaire d\u00e9taill\u00e9 de la journ\u00e9e<\/a><\/span><\/p>\n\n\n\n<p>8&nbsp;h&nbsp;30\n&#8211; 12&nbsp;h&nbsp;00&nbsp;: Conf\u00e9rences th\u00e9matiques<\/p>\n\n\n\n<p>12&nbsp;h&nbsp;00\n&#8211; 13&nbsp;h&nbsp;30&nbsp;: D\u00eener<\/p>\n\n\n\n<p>13\u00a0h\u00a030 &#8211; 16\u00a0h\u00a000\u00a0: Conf\u00e9rences th\u00e9matiques<\/p>\n\n\n\n<p>15 h 30 :  Allocution de Monsieur Lamontagne, ministre de l\u2019Agriculture, des P\u00eacheries et de l\u2019Alimentation <\/p>\n\n\n\n<p>16&nbsp;h&nbsp;00 : Mot de cl\u00f4ture <\/p>\n\n\n\n<p><\/p>","protected":false},"excerpt":{"rendered":"<p>Voir le programme complet Jeudi (28 novembre) Cliquez ici pour l&rsquo;horaire d\u00e9taill\u00e9 de la journ\u00e9e AM&nbsp;: 8&nbsp;h&nbsp;00 &#8211; 11&nbsp;h&nbsp;45 8 h 00&nbsp;Arriv\u00e9e des participants \/ Inscription et enregistrement 8&nbsp;h&nbsp;55&nbsp;: Mot de bienvenue Conf\u00e9rence d\u2019ouverture : Tour d\u2019horizon des entotechnologies \u00e9mergentes, par Marie-H\u00e9l\u00e8ne Deschamps, U. Laval 10 h 15 : Communications scientifiques D\u00eener PM : 13&nbsp;h&nbsp;30 [&hellip;]<\/p>","protected":false},"author":1,"featured_media":3491,"parent":3222,"menu_order":2,"comment_status":"closed","ping_status":"closed","template":"","meta":{"pmpro_default_level":"","_uag_custom_page_level_css":"","footnotes":""},"class_list":["post-3263","page","type-page","status-publish","has-post-thumbnail","hentry","pmpro-has-access"],"uagb_featured_image_src":{"full":["https:\/\/seq.ca\/wp-content\/uploads\/2019\/06\/cropped-Banni\u00e8re4-high_2_large_test-9.png",2980,1677,false],"thumbnail":["https:\/\/seq.ca\/wp-content\/uploads\/2019\/06\/cropped-Banni\u00e8re4-high_2_large_test-9-150x150.png",150,150,true],"medium":["https:\/\/seq.ca\/wp-content\/uploads\/2019\/06\/cropped-Banni\u00e8re4-high_2_large_test-9-300x169.png",300,169,true],"medium_large":["https:\/\/seq.ca\/wp-content\/uploads\/2019\/06\/cropped-Banni\u00e8re4-high_2_large_test-9-768x432.png",768,432,true],"large":["https:\/\/seq.ca\/wp-content\/uploads\/2019\/06\/cropped-Banni\u00e8re4-high_2_large_test-9-1024x576.png",768,432,true],"1536x1536":["https:\/\/seq.ca\/wp-content\/uploads\/2019\/06\/cropped-Banni\u00e8re4-high_2_large_test-9.png",1536,864,false],"2048x2048":["https:\/\/seq.ca\/wp-content\/uploads\/2019\/06\/cropped-Banni\u00e8re4-high_2_large_test-9.png",2048,1153,false],"trp-custom-language-flag":["https:\/\/seq.ca\/wp-content\/uploads\/2019\/06\/cropped-Banni\u00e8re4-high_2_large_test-9.png",18,10,false],"featured-image-medium":["https:\/\/seq.ca\/wp-content\/uploads\/2019\/06\/cropped-Banni\u00e8re4-high_2_large_test-9.png",622,350,false],"featured-img-medium":["https:\/\/seq.ca\/wp-content\/uploads\/2019\/06\/cropped-Banni\u00e8re4-high_2_large_test-9.png",666,375,false]},"uagb_author_info":{"display_name":"Soci\u00e9t\u00e9 d'entomologie du Qu\u00e9bec","author_link":"https:\/\/seq.ca\/en\/author\/webmestreseq\/"},"uagb_comment_info":0,"uagb_excerpt":"Voir le programme complet Jeudi (28 novembre) Cliquez ici pour l&rsquo;horaire d\u00e9taill\u00e9 de la journ\u00e9e AM&nbsp;: 8&nbsp;h&nbsp;00 &#8211; 11&nbsp;h&nbsp;45 8 h 00&nbsp;Arriv\u00e9e des participants \/ Inscription et enregistrement 8&nbsp;h&nbsp;55&nbsp;: Mot de bienvenue Conf\u00e9rence d\u2019ouverture : Tour d\u2019horizon des entotechnologies \u00e9mergentes, par Marie-H\u00e9l\u00e8ne Deschamps, U. Laval 10 h 15 : Communications scientifiques D\u00eener PM : 13&nbsp;h&nbsp;30&hellip;","_links":{"self":[{"href":"https:\/\/seq.ca\/en\/wp-json\/wp\/v2\/pages\/3263","targetHints":{"allow":["GET"]}}],"collection":[{"href":"https:\/\/seq.ca\/en\/wp-json\/wp\/v2\/pages"}],"about":[{"href":"https:\/\/seq.ca\/en\/wp-json\/wp\/v2\/types\/page"}],"author":[{"embeddable":true,"href":"https:\/\/seq.ca\/en\/wp-json\/wp\/v2\/users\/1"}],"replies":[{"embeddable":true,"href":"https:\/\/seq.ca\/en\/wp-json\/wp\/v2\/comments?post=3263"}],"version-history":[{"count":0,"href":"https:\/\/seq.ca\/en\/wp-json\/wp\/v2\/pages\/3263\/revisions"}],"up":[{"embeddable":true,"href":"https:\/\/seq.ca\/en\/wp-json\/wp\/v2\/pages\/3222"}],"wp:featuredmedia":[{"embeddable":true,"href":"https:\/\/seq.ca\/en\/wp-json\/wp\/v2\/media\/3491"}],"wp:attachment":[{"href":"https:\/\/seq.ca\/en\/wp-json\/wp\/v2\/media?parent=3263"}],"curies":[{"name":"wp","href":"https:\/\/api.w.org\/{rel}","templated":true}]}}

<h3 class="wp-block-heading"><span style="text-decoration: underline;"><a href="https://seq.ca/wp-content/uploads/2019/11/Programme_2019.pdf">Voir le programme complet</a></span></h3>



<h4 class="wp-block-heading">Jeudi (28 novembre)</h4>



<p><a rel="noreferrer noopener" aria-label="Cliquez ici pour l'horaire détaillé de la journée (opens in a new tab)" href="https://seq.ca/wp-content/uploads/2019/10/Congrès-SEQ-2019-Horaire-du-jeudi-L.pdf" target="_blank"><span style="text-decoration: underline;">Cliquez ici pour l&rsquo;horaire détaillé de la journée</span></a></p>



<p>AM&nbsp;: 8&nbsp;h&nbsp;00 &#8211; 11&nbsp;h&nbsp;45</p>



<p>8 h 00&nbsp;Arrivée des participants / Inscription et enregistrement </p>



<p>8&nbsp;h&nbsp;55&nbsp;: Mot de bienvenue</p>



<p>Conférence
d’ouverture : Tour d’horizon des entotechnologies émergentes, par Marie-Hélène
Deschamps, U. Laval </p>



<p>10 h 15 : <a>Communications scientifiques </a></p>



<p>Dîner</p>



<p>PM : 13&nbsp;h&nbsp;30 &#8211; 16&nbsp;h&nbsp;15</p>



<p>13&nbsp;h&nbsp;30&nbsp;:
Communications scientifiques</p>



<p>16&nbsp;h&nbsp;30&nbsp;: AGA de la Société d’entomologie du Québec&nbsp; </p>



<p>18&nbsp;h&nbsp;00 &#8211; 19&nbsp;h&nbsp;30 : Session affiches et cocktail (<a rel="noreferrer noopener" aria-label="voir liste des affiches (opens in a new tab)" href="https://seq.ca/wp-content/uploads/2019/10/Congrès-SEQ-2019-titres-des-affiches.pdf" target="_blank"><span style="text-decoration: underline;">voir liste des affiches</span></a>)</p>



<p>19&nbsp;h&nbsp;30
&#8211; 1&nbsp;h&nbsp;00&nbsp;: Banquet, remise de prix et soirée dansante</p>



<h4 class="wp-block-heading">Vendredi &#8211; Symposium (29 novembre)</h4>



<p><span style="text-decoration: underline;"><a href="https://seq.ca/en/reunion-annuelles/reunion-annuelle-2019/symposium-2019/">Cliquer pour l’horaire détaillé de la journée</a></span></p>



<p>8&nbsp;h&nbsp;30
&#8211; 12&nbsp;h&nbsp;00&nbsp;: Conférences thématiques</p>



<p>12&nbsp;h&nbsp;00
&#8211; 13&nbsp;h&nbsp;30&nbsp;: Dîner</p>



<p>13 h 30 &#8211; 16 h 00 : Conférences thématiques</p>



<p>15 h 30 :  Allocution de Monsieur Lamontagne, ministre de l’Agriculture, des Pêcheries et de l’Alimentation </p>



<p>16&nbsp;h&nbsp;00 : Mot de clôture </p>



<p></p>

<p>Voir le programme complet Jeudi (28 novembre) Cliquez ici pour l&rsquo;horaire détaillé de la journée AM&nbsp;: 8&nbsp;h&nbsp;00 &#8211; 11&nbsp;h&nbsp;45 8 h 00&nbsp;Arrivée des participants / Inscription et enregistrement 8&nbsp;h&nbsp;55&nbsp;: Mot de bienvenue Conférence d’ouverture : Tour d’horizon des entotechnologies émergentes, par Marie-Hélène Deschamps, U. Laval 10 h 15 : Communications scientifiques Dîner PM : 13&nbsp;h&nbsp;30 [&hellip;]</p>

https://seq.ca/wp-content/uploads/2019/06/cropped-Bannière4-high_2_large_test-9.png

https://seq.ca/wp-content/uploads/2019/06/cropped-Bannière4-high_2_large_test-9-150x150.png

https://seq.ca/wp-content/uploads/2019/06/cropped-Bannière4-high_2_large_test-9-300x169.png

https://seq.ca/wp-content/uploads/2019/06/cropped-Bannière4-high_2_large_test-9-768x432.png

https://seq.ca/wp-content/uploads/2019/06/cropped-Bannière4-high_2_large_test-9-1024x576.png

Société d'entomologie du Québec

Voir le programme complet Jeudi (28 novembre) Cliquez ici pour l&rsquo;horaire détaillé de la journée AM&nbsp;: 8&nbsp;h&nbsp;00 &#8211; 11&nbsp;h&nbsp;45 8 h 00&nbsp;Arrivée des participants / Inscription et enregistrement 8&nbsp;h&nbsp;55&nbsp;: Mot de bienvenue Conférence d’ouverture : Tour d’horizon des entotechnologies émergentes, par Marie-Hélène Deschamps, U. Laval 10 h 15 : Communications scientifiques Dîner PM : 13&nbsp;h&nbsp;30&hellip;
