{"id":3276,"date":"2019-06-23T23:04:22","date_gmt":"2019-06-24T03:04:22","guid":{"rendered":"https:\/\/seq.ca\/?page_id=3276"},"modified":"2022-09-08T08:47:33","modified_gmt":"2022-09-08T12:47:33","slug":"symposium-2019","status":"publish","type":"page","link":"https:\/\/seq.ca\/en\/reunion-annuelles\/reunion-annuelle-2019\/symposium-2019\/","title":{"rendered":"Symposium 2019"},"content":{"rendered":"<h4 class=\"wp-block-heading\">Conf\u00e9renciers (i\u00e8res) invit\u00e9(e)s&nbsp;:<\/h4>\n\n\n\n<p><strong>AM<\/strong><\/p>\n\n\n\n<ul class=\"wp-block-list\"><li>Grant\nVandenberg, U. Laval&nbsp;: \u00ab&nbsp;D\u00e9fis et enjeux li\u00e9s \u00e0 l\u2019utilisation des\ninsectes pour l\u2019alimentation animale&nbsp;\u00bb <\/li><li>Alain\nDoyen, U. Laval&nbsp;: \u00ab&nbsp;D\u00e9fis et enjeux li\u00e9s \u00e0 l\u2019utilisation des insectes\npour l\u2019alimentation humaine&nbsp;\u00bb&nbsp; <\/li><li>Linda\nSaucier, U. Laval&nbsp;: \u00ab&nbsp;Larves, microbes et innocuit\u00e9&nbsp;: un\nglorieux m\u00e9lange!&nbsp;\u00bb<\/li><li>Louise\nH\u00e9nault-\u00c9thier, U. Laval et Fondation Suzuki&nbsp;: \u00ab&nbsp;\u00c9conomie circulaire,\nvalorisation des r\u00e9sidus alimentaires et regard sur l\u2019acceptabilit\u00e9 sociale&nbsp;\u00bb<\/li><li>\u00c9tienne\nNormandin, U. de Montr\u00e9al&nbsp;: \u00ab&nbsp;Les ennemis de la production et\nbios\u00e9curit\u00e9&nbsp;\u00bb<\/li><\/ul>\n\n\n\n<p><strong>PM<\/strong><\/p>\n\n\n\n<ul class=\"wp-block-list\"><li>\u00c9dith C\u00f4t\u00e9 et Judith Lavoie, MAPAQ : \u00ab Entomophagie, regard sur l\u2019industrie \u00bb <\/li><li>Nabil Chaid-Draa, Groupe Hexapoda&nbsp;: \u00ab&nbsp;Production d\u2019insectes&nbsp;comestibles : savoir et savoir-faire&nbsp;\u00bb <\/li><li>C\u00e9line Comeau et Brenda Plant, Umamize&nbsp;: \u00ab&nbsp;Transformation des insectes&nbsp;comestibles : savoir et savoir-faire&nbsp;\u00bb <\/li><li>\u00c9tienne Normandin, U. de Montr\u00e9al&nbsp;: \u00ab&nbsp;Les insectes sauvages comestibles&nbsp;\u00bb  <\/li><\/ul>\n\n\n<p><!--EndFragment--><\/p>\n\n\n<p><strong>Toutes les pr\u00e9sentations du symposium sont disponibles \u00e0 partir de ce lien :<\/strong>  <a href=\"https:\/\/www.agrireseau.net\/documents\/101748\/presentations-du-symposium-de-la-146ieme-reunion-annuelle-de-la-societe-d_entomologie-du-quebec-qui-a-eu-lieu-les-28-et-29-novembre-2019-a-drummondvil?a=1\">https:\/\/www.agrireseau.net\/documents\/101748\/presentations-du-symposium-de-la-146ieme-reunion-annuelle-de-la-societe-d_entomologie-du-quebec-qui-a-eu-lieu-les-28-et-29-novembre-2019-a-drummondvil?a=1<\/a> <\/p>\n\n\n\n<p><\/p>","protected":false},"excerpt":{"rendered":"<p>Conf\u00e9renciers (i\u00e8res) invit\u00e9(e)s&nbsp;: AM Grant Vandenberg, U. Laval&nbsp;: \u00ab&nbsp;D\u00e9fis et enjeux li\u00e9s \u00e0 l\u2019utilisation des insectes pour l\u2019alimentation animale&nbsp;\u00bb Alain Doyen, U. Laval&nbsp;: \u00ab&nbsp;D\u00e9fis et enjeux li\u00e9s \u00e0 l\u2019utilisation des insectes pour l\u2019alimentation humaine&nbsp;\u00bb&nbsp; Linda Saucier, U. Laval&nbsp;: \u00ab&nbsp;Larves, microbes et innocuit\u00e9&nbsp;: un glorieux m\u00e9lange!&nbsp;\u00bb Louise H\u00e9nault-\u00c9thier, U. Laval et Fondation Suzuki&nbsp;: \u00ab&nbsp;\u00c9conomie circulaire, valorisation [&hellip;]<\/p>","protected":false},"author":1,"featured_media":3492,"parent":3222,"menu_order":3,"comment_status":"closed","ping_status":"closed","template":"","meta":{"pmpro_default_level":"","_uag_custom_page_level_css":"","footnotes":""},"class_list":["post-3276","page","type-page","status-publish","has-post-thumbnail","hentry","pmpro-has-access"],"uagb_featured_image_src":{"full":["https:\/\/seq.ca\/wp-content\/uploads\/2019\/06\/cropped-Banni\u00e8re4-high_2_large_test-10.png",2980,1677,false],"thumbnail":["https:\/\/seq.ca\/wp-content\/uploads\/2019\/06\/cropped-Banni\u00e8re4-high_2_large_test-10-150x150.png",150,150,true],"medium":["https:\/\/seq.ca\/wp-content\/uploads\/2019\/06\/cropped-Banni\u00e8re4-high_2_large_test-10-300x169.png",300,169,true],"medium_large":["https:\/\/seq.ca\/wp-content\/uploads\/2019\/06\/cropped-Banni\u00e8re4-high_2_large_test-10-768x432.png",768,432,true],"large":["https:\/\/seq.ca\/wp-content\/uploads\/2019\/06\/cropped-Banni\u00e8re4-high_2_large_test-10-1024x576.png",768,432,true],"1536x1536":["https:\/\/seq.ca\/wp-content\/uploads\/2019\/06\/cropped-Banni\u00e8re4-high_2_large_test-10.png",1536,864,false],"2048x2048":["https:\/\/seq.ca\/wp-content\/uploads\/2019\/06\/cropped-Banni\u00e8re4-high_2_large_test-10.png",2048,1153,false],"trp-custom-language-flag":["https:\/\/seq.ca\/wp-content\/uploads\/2019\/06\/cropped-Banni\u00e8re4-high_2_large_test-10.png",18,10,false],"featured-image-medium":["https:\/\/seq.ca\/wp-content\/uploads\/2019\/06\/cropped-Banni\u00e8re4-high_2_large_test-10.png",622,350,false],"featured-img-medium":["https:\/\/seq.ca\/wp-content\/uploads\/2019\/06\/cropped-Banni\u00e8re4-high_2_large_test-10.png",666,375,false]},"uagb_author_info":{"display_name":"Soci\u00e9t\u00e9 d'entomologie du Qu\u00e9bec","author_link":"https:\/\/seq.ca\/en\/author\/webmestreseq\/"},"uagb_comment_info":0,"uagb_excerpt":"Conf\u00e9renciers (i\u00e8res) invit\u00e9(e)s&nbsp;: AM Grant Vandenberg, U. Laval&nbsp;: \u00ab&nbsp;D\u00e9fis et enjeux li\u00e9s \u00e0 l\u2019utilisation des insectes pour l\u2019alimentation animale&nbsp;\u00bb Alain Doyen, U. Laval&nbsp;: \u00ab&nbsp;D\u00e9fis et enjeux li\u00e9s \u00e0 l\u2019utilisation des insectes pour l\u2019alimentation humaine&nbsp;\u00bb&nbsp; Linda Saucier, U. Laval&nbsp;: \u00ab&nbsp;Larves, microbes et innocuit\u00e9&nbsp;: un glorieux m\u00e9lange!&nbsp;\u00bb Louise H\u00e9nault-\u00c9thier, U. Laval et Fondation Suzuki&nbsp;: \u00ab&nbsp;\u00c9conomie circulaire, valorisation&hellip;","_links":{"self":[{"href":"https:\/\/seq.ca\/en\/wp-json\/wp\/v2\/pages\/3276","targetHints":{"allow":["GET"]}}],"collection":[{"href":"https:\/\/seq.ca\/en\/wp-json\/wp\/v2\/pages"}],"about":[{"href":"https:\/\/seq.ca\/en\/wp-json\/wp\/v2\/types\/page"}],"author":[{"embeddable":true,"href":"https:\/\/seq.ca\/en\/wp-json\/wp\/v2\/users\/1"}],"replies":[{"embeddable":true,"href":"https:\/\/seq.ca\/en\/wp-json\/wp\/v2\/comments?post=3276"}],"version-history":[{"count":0,"href":"https:\/\/seq.ca\/en\/wp-json\/wp\/v2\/pages\/3276\/revisions"}],"up":[{"embeddable":true,"href":"https:\/\/seq.ca\/en\/wp-json\/wp\/v2\/pages\/3222"}],"wp:featuredmedia":[{"embeddable":true,"href":"https:\/\/seq.ca\/en\/wp-json\/wp\/v2\/media\/3492"}],"wp:attachment":[{"href":"https:\/\/seq.ca\/en\/wp-json\/wp\/v2\/media?parent=3276"}],"curies":[{"name":"wp","href":"https:\/\/api.w.org\/{rel}","templated":true}]}}

<h4 class="wp-block-heading">Conférenciers (ières) invité(e)s&nbsp;:</h4>



<p><strong>AM</strong></p>



<ul class="wp-block-list"><li>Grant
Vandenberg, U. Laval&nbsp;: «&nbsp;Défis et enjeux liés à l’utilisation des
insectes pour l’alimentation animale&nbsp;» </li><li>Alain
Doyen, U. Laval&nbsp;: «&nbsp;Défis et enjeux liés à l’utilisation des insectes
pour l’alimentation humaine&nbsp;»&nbsp; </li><li>Linda
Saucier, U. Laval&nbsp;: «&nbsp;Larves, microbes et innocuité&nbsp;: un
glorieux mélange!&nbsp;»</li><li>Louise
Hénault-Éthier, U. Laval et Fondation Suzuki&nbsp;: «&nbsp;Économie circulaire,
valorisation des résidus alimentaires et regard sur l’acceptabilité sociale&nbsp;»</li><li>Étienne
Normandin, U. de Montréal&nbsp;: «&nbsp;Les ennemis de la production et
biosécurité&nbsp;»</li></ul>



<p><strong>PM</strong></p>



<ul class="wp-block-list"><li>Édith Côté et Judith Lavoie, MAPAQ : « Entomophagie, regard sur l’industrie » </li><li>Nabil Chaid-Draa, Groupe Hexapoda&nbsp;: «&nbsp;Production d’insectes&nbsp;comestibles : savoir et savoir-faire&nbsp;» </li><li>Céline Comeau et Brenda Plant, Umamize&nbsp;: «&nbsp;Transformation des insectes&nbsp;comestibles : savoir et savoir-faire&nbsp;» </li><li>Étienne Normandin, U. de Montréal&nbsp;: «&nbsp;Les insectes sauvages comestibles&nbsp;»  </li></ul>


<p><!--EndFragment--></p>


<p><strong>Toutes les présentations du symposium sont disponibles à partir de ce lien :</strong>  <a href="https://www.agrireseau.net/documents/101748/presentations-du-symposium-de-la-146ieme-reunion-annuelle-de-la-societe-d_entomologie-du-quebec-qui-a-eu-lieu-les-28-et-29-novembre-2019-a-drummondvil?a=1">https://www.agrireseau.net/documents/101748/presentations-du-symposium-de-la-146ieme-reunion-annuelle-de-la-societe-d_entomologie-du-quebec-qui-a-eu-lieu-les-28-et-29-novembre-2019-a-drummondvil?a=1</a> </p>



<p></p>

<p>Conférenciers (ières) invité(e)s&nbsp;: AM Grant Vandenberg, U. Laval&nbsp;: «&nbsp;Défis et enjeux liés à l’utilisation des insectes pour l’alimentation animale&nbsp;» Alain Doyen, U. Laval&nbsp;: «&nbsp;Défis et enjeux liés à l’utilisation des insectes pour l’alimentation humaine&nbsp;»&nbsp; Linda Saucier, U. Laval&nbsp;: «&nbsp;Larves, microbes et innocuité&nbsp;: un glorieux mélange!&nbsp;» Louise Hénault-Éthier, U. Laval et Fondation Suzuki&nbsp;: «&nbsp;Économie circulaire, valorisation [&hellip;]</p>

https://seq.ca/wp-content/uploads/2019/06/cropped-Bannière4-high_2_large_test-10.png

https://seq.ca/wp-content/uploads/2019/06/cropped-Bannière4-high_2_large_test-10-150x150.png

https://seq.ca/wp-content/uploads/2019/06/cropped-Bannière4-high_2_large_test-10-300x169.png

https://seq.ca/wp-content/uploads/2019/06/cropped-Bannière4-high_2_large_test-10-768x432.png

https://seq.ca/wp-content/uploads/2019/06/cropped-Bannière4-high_2_large_test-10-1024x576.png

Société d'entomologie du Québec

Conférenciers (ières) invité(e)s&nbsp;: AM Grant Vandenberg, U. Laval&nbsp;: «&nbsp;Défis et enjeux liés à l’utilisation des insectes pour l’alimentation animale&nbsp;» Alain Doyen, U. Laval&nbsp;: «&nbsp;Défis et enjeux liés à l’utilisation des insectes pour l’alimentation humaine&nbsp;»&nbsp; Linda Saucier, U. Laval&nbsp;: «&nbsp;Larves, microbes et innocuité&nbsp;: un glorieux mélange!&nbsp;» Louise Hénault-Éthier, U. Laval et Fondation Suzuki&nbsp;: «&nbsp;Économie circulaire, valorisation&hellip;
