{"id":9904,"date":"2020-08-18T22:06:27","date_gmt":"2020-08-19T02:06:27","guid":{"rendered":"https:\/\/seq.ca\/?page_id=9904"},"modified":"2022-09-08T08:55:11","modified_gmt":"2022-09-08T12:55:11","slug":"reunion-annuelle-2020","status":"publish","type":"page","link":"https:\/\/seq.ca\/en\/reunion-annuelles\/reunion-annuelle-2020\/","title":{"rendered":"R\u00e9union annuelle de la SEQ &#8211; 2020"},"content":{"rendered":"<h2 class=\"has-text-align-center wp-block-heading\"><strong>Pas de pause pour l\u2019entomologie pendant la pand\u00e9mie : restons connect\u00e9s!<\/strong><\/h2>\n\n\n\n<div class=\"wp-block-image\"><figure class=\"aligncenter size-large\"><img loading=\"lazy\" decoding=\"async\" width=\"1024\" height=\"952\" src=\"https:\/\/seq.ca\/wp-content\/uploads\/2020\/08\/LOGO-CONGRES-2020-SEQ-1024x952.jpg\" alt=\"\" class=\"wp-image-9937\" srcset=\"https:\/\/seq.ca\/wp-content\/uploads\/2020\/08\/LOGO-CONGRES-2020-SEQ-1024x952.jpg 1024w, https:\/\/seq.ca\/wp-content\/uploads\/2020\/08\/LOGO-CONGRES-2020-SEQ-300x279.jpg 300w, https:\/\/seq.ca\/wp-content\/uploads\/2020\/08\/LOGO-CONGRES-2020-SEQ-768x714.jpg 768w, https:\/\/seq.ca\/wp-content\/uploads\/2020\/08\/LOGO-CONGRES-2020-SEQ-1536x1428.jpg 1536w, https:\/\/seq.ca\/wp-content\/uploads\/2020\/08\/LOGO-CONGRES-2020-SEQ-2048x1903.jpg 2048w, https:\/\/seq.ca\/wp-content\/uploads\/2020\/08\/LOGO-CONGRES-2020-SEQ-65x60.jpg 65w, https:\/\/seq.ca\/wp-content\/uploads\/2020\/08\/LOGO-CONGRES-2020-SEQ-600x558.jpg 600w\" sizes=\"auto, (max-width: 1024px) 100vw, 1024px\" \/><\/figure><\/div>\n\n\n\n<p><strong>Mot de bienvenue<\/strong><\/p>\n\n\n\n<p>La Soci\u00e9t\u00e9 d\u2019entomologie du Qu\u00e9bec (SEQ) a le plaisir de vous inviter \u00e0 sa 147<sup>e<\/sup> r\u00e9union annuelle, laquelle aura lieu en format enti\u00e8rement virtuel les 26 et 27 novembre 2020.<\/p>\n\n\n\n<p>Cette rencontre sera une belle occasion pour renouer avec nos coll\u00e8gues et garder contact en cette p\u00e9riode de distanciation sociale. Nous esp\u00e9rons aussi que la formule en ligne sans frais d\u2019inscription nous permettra de rejoindre un public plus large et de faire davantage rayonner les travaux de recherches de nos membres.&nbsp;<\/p>\n\n\n\n<p>Compte tenu des circonstances exceptionnelles ayant men\u00e9es au report en 2021 de la r\u00e9union en pr\u00e9sentiel originalement pr\u00e9vue \u00e0 Sherbrooke cette ann\u00e9e, ainsi que du court lapse de temps disponible pour organiser un \u00e9v\u00e9nement virtuel, le comit\u00e9 organisateur a opt\u00e9 pour une programmation all\u00e9g\u00e9e sans symposium.<\/p>\n\n\n\n<p>Nous vous invitons donc \u00e0 parcourir ce site afin d\u2019obtenir de plus amples d\u00e9tails en ce qui a trait \u00e0 l\u2019inscription au congr\u00e8s, \u00e0 la soumission de r\u00e9sum\u00e9s de communications, au concours photos, ainsi qu\u2019aux d\u00e9tails li\u00e9s \u00e0 l\u2019utilisation d\u2019une plateforme \u00e9lectronique pour la tenue de l&rsquo;\u00e9v\u00e9nement. Ne manquez pas ce congr\u00e8s branch\u00e9!<\/p>\n\n\n\n<p><strong>Comit\u00e9 organisateur<\/strong><\/p>\n\n\n\n<p>Le comit\u00e9 organisateur de l&rsquo;\u00e9v\u00e9nement virtuel SEQ 2020 : Jade Savage, Marianne Bessette, S\u00e9bastien Boquel, Jennifer De Almeida, \u00c9tienne Normandin, Chelsey Paquette, Emily Pecsi et Julien Saguez.<\/p>\n\n\n\n<p>Page web du congr\u00e8s : Joseph Moisan-De Serres<\/p>\n\n\n\n<p><strong>Dates importantes<\/strong><\/p>\n\n\n\n<ul class=\"wp-block-list\"><li>1er septembre :<ul><li>Ouverture des inscriptions h\u00e2tives<\/li><\/ul><\/li><li>16 octobre :\u00a0<ul><li>Date limite &#8211; Inscriptions h\u00e2tives (acc\u00e8s garanti)\u00a0<\/li><li>Date limite &#8211; Soumission d\u2019un r\u00e9sum\u00e9 (pr\u00e9sentations orales et posters)\u00a0<\/li><li>Date limite &#8211; Atelier\/session particuli\u00e8re<\/li><\/ul><\/li><li>13 novembre :\u00a0<ul><li>Date limite &#8211; Soumission pour concours photo<\/li><\/ul><\/li><li>23 novembre :<ul><li>Date limite &#8211; Soumission d&rsquo;une affiche\u00a0<\/li><li>Date limite &#8211; Soumission d&rsquo;une pr\u00e9sentation orale (vid\u00e9o)<\/li><\/ul><\/li><li>26 novembre :\u00a0<ul><li>Premier jour du congr\u00e8s\u00a0<\/li><li>Date limite &#8211; Inscriptions tardives (acc\u00e8s selon disponibilit\u00e9, places limit\u00e9es selon la capacit\u00e9 d\u2019accueil de la plateforme virtuelle)\u00a0<\/li><\/ul><\/li><\/ul>","protected":false},"excerpt":{"rendered":"<p>Pas de pause pour l\u2019entomologie pendant la pand\u00e9mie : restons connect\u00e9s! Mot de bienvenue La Soci\u00e9t\u00e9 d\u2019entomologie du Qu\u00e9bec (SEQ) a le plaisir de vous inviter \u00e0 sa 147e r\u00e9union annuelle, laquelle aura lieu en format enti\u00e8rement virtuel les 26 et 27 novembre 2020. Cette rencontre sera une belle occasion pour renouer avec nos coll\u00e8gues [&hellip;]<\/p>","protected":false},"author":1,"featured_media":0,"parent":36,"menu_order":0,"comment_status":"closed","ping_status":"closed","template":"","meta":{"pmpro_default_level":"","_uag_custom_page_level_css":"","footnotes":""},"class_list":["post-9904","page","type-page","status-publish","hentry","pmpro-has-access"],"uagb_featured_image_src":{"full":false,"thumbnail":false,"medium":false,"medium_large":false,"large":false,"1536x1536":false,"2048x2048":false,"trp-custom-language-flag":false,"featured-image-medium":false,"featured-img-medium":false},"uagb_author_info":{"display_name":"Soci\u00e9t\u00e9 d'entomologie du Qu\u00e9bec","author_link":"https:\/\/seq.ca\/en\/author\/webmestreseq\/"},"uagb_comment_info":0,"uagb_excerpt":"Pas de pause pour l\u2019entomologie pendant la pand\u00e9mie : restons connect\u00e9s! Mot de bienvenue La Soci\u00e9t\u00e9 d\u2019entomologie du Qu\u00e9bec (SEQ) a le plaisir de vous inviter \u00e0 sa 147e r\u00e9union annuelle, laquelle aura lieu en format enti\u00e8rement virtuel les 26 et 27 novembre 2020. Cette rencontre sera une belle occasion pour renouer avec nos coll\u00e8gues&hellip;","_links":{"self":[{"href":"https:\/\/seq.ca\/en\/wp-json\/wp\/v2\/pages\/9904","targetHints":{"allow":["GET"]}}],"collection":[{"href":"https:\/\/seq.ca\/en\/wp-json\/wp\/v2\/pages"}],"about":[{"href":"https:\/\/seq.ca\/en\/wp-json\/wp\/v2\/types\/page"}],"author":[{"embeddable":true,"href":"https:\/\/seq.ca\/en\/wp-json\/wp\/v2\/users\/1"}],"replies":[{"embeddable":true,"href":"https:\/\/seq.ca\/en\/wp-json\/wp\/v2\/comments?post=9904"}],"version-history":[{"count":0,"href":"https:\/\/seq.ca\/en\/wp-json\/wp\/v2\/pages\/9904\/revisions"}],"up":[{"embeddable":true,"href":"https:\/\/seq.ca\/en\/wp-json\/wp\/v2\/pages\/36"}],"wp:attachment":[{"href":"https:\/\/seq.ca\/en\/wp-json\/wp\/v2\/media?parent=9904"}],"curies":[{"name":"wp","href":"https:\/\/api.w.org\/{rel}","templated":true}]}}

Réunion annuelle de la SEQ &#8211; 2020

<h2 class="has-text-align-center wp-block-heading"><strong>Pas de pause pour l’entomologie pendant la pandémie : restons connectés!</strong></h2>



<div class="wp-block-image"><figure class="aligncenter size-large"><img loading="lazy" decoding="async" width="1024" height="952" src="https://seq.ca/wp-content/uploads/2020/08/LOGO-CONGRES-2020-SEQ-1024x952.jpg" alt="" class="wp-image-9937" srcset="https://seq.ca/wp-content/uploads/2020/08/LOGO-CONGRES-2020-SEQ-1024x952.jpg 1024w, https://seq.ca/wp-content/uploads/2020/08/LOGO-CONGRES-2020-SEQ-300x279.jpg 300w, https://seq.ca/wp-content/uploads/2020/08/LOGO-CONGRES-2020-SEQ-768x714.jpg 768w, https://seq.ca/wp-content/uploads/2020/08/LOGO-CONGRES-2020-SEQ-1536x1428.jpg 1536w, https://seq.ca/wp-content/uploads/2020/08/LOGO-CONGRES-2020-SEQ-2048x1903.jpg 2048w, https://seq.ca/wp-content/uploads/2020/08/LOGO-CONGRES-2020-SEQ-65x60.jpg 65w, https://seq.ca/wp-content/uploads/2020/08/LOGO-CONGRES-2020-SEQ-600x558.jpg 600w" sizes="auto, (max-width: 1024px) 100vw, 1024px" /></figure></div>



<p><strong>Mot de bienvenue</strong></p>



<p>La Société d’entomologie du Québec (SEQ) a le plaisir de vous inviter à sa 147<sup>e</sup> réunion annuelle, laquelle aura lieu en format entièrement virtuel les 26 et 27 novembre 2020.</p>



<p>Cette rencontre sera une belle occasion pour renouer avec nos collègues et garder contact en cette période de distanciation sociale. Nous espérons aussi que la formule en ligne sans frais d’inscription nous permettra de rejoindre un public plus large et de faire davantage rayonner les travaux de recherches de nos membres.&nbsp;</p>



<p>Compte tenu des circonstances exceptionnelles ayant menées au report en 2021 de la réunion en présentiel originalement prévue à Sherbrooke cette année, ainsi que du court lapse de temps disponible pour organiser un événement virtuel, le comité organisateur a opté pour une programmation allégée sans symposium.</p>



<p>Nous vous invitons donc à parcourir ce site afin d’obtenir de plus amples détails en ce qui a trait à l’inscription au congrès, à la soumission de résumés de communications, au concours photos, ainsi qu’aux détails liés à l’utilisation d’une plateforme électronique pour la tenue de l&rsquo;événement. Ne manquez pas ce congrès branché!</p>



<p><strong>Comité organisateur</strong></p>



<p>Le comité organisateur de l&rsquo;événement virtuel SEQ 2020 : Jade Savage, Marianne Bessette, Sébastien Boquel, Jennifer De Almeida, Étienne Normandin, Chelsey Paquette, Emily Pecsi et Julien Saguez.</p>



<p>Page web du congrès : Joseph Moisan-De Serres</p>



<p><strong>Dates importantes</strong></p>



<ul class="wp-block-list"><li>1er septembre :<ul><li>Ouverture des inscriptions hâtives</li></ul></li><li>16 octobre : <ul><li>Date limite &#8211; Inscriptions hâtives (accès garanti) </li><li>Date limite &#8211; Soumission d’un résumé (présentations orales et posters) </li><li>Date limite &#8211; Atelier/session particulière</li></ul></li><li>13 novembre : <ul><li>Date limite &#8211; Soumission pour concours photo</li></ul></li><li>23 novembre :<ul><li>Date limite &#8211; Soumission d&rsquo;une affiche </li><li>Date limite &#8211; Soumission d&rsquo;une présentation orale (vidéo)</li></ul></li><li>26 novembre : <ul><li>Premier jour du congrès </li><li>Date limite &#8211; Inscriptions tardives (accès selon disponibilité, places limitées selon la capacité d’accueil de la plateforme virtuelle) </li></ul></li></ul>

<p>Pas de pause pour l’entomologie pendant la pandémie : restons connectés! Mot de bienvenue La Société d’entomologie du Québec (SEQ) a le plaisir de vous inviter à sa 147e réunion annuelle, laquelle aura lieu en format entièrement virtuel les 26 et 27 novembre 2020. Cette rencontre sera une belle occasion pour renouer avec nos collègues [&hellip;]</p>

Société d'entomologie du Québec

Pas de pause pour l’entomologie pendant la pandémie : restons connectés! Mot de bienvenue La Société d’entomologie du Québec (SEQ) a le plaisir de vous inviter à sa 147e réunion annuelle, laquelle aura lieu en format entièrement virtuel les 26 et 27 novembre 2020. Cette rencontre sera une belle occasion pour renouer avec nos collègues&hellip;
